
{"id":8289,"date":"2023-11-22T13:36:27","date_gmt":"2023-11-22T06:36:27","guid":{"rendered":"https:\/\/hfafood.com\/?post_type=product&#038;p=8289"},"modified":"2024-04-11T16:59:35","modified_gmt":"2024-04-11T09:59:35","slug":"nuoc-cot-lau-ca-co-dac-aa","status":"publish","type":"product","link":"https:\/\/hfa.vn\/?product=nuoc-cot-lau-ca-co-dac-aa","title":{"rendered":"N\u01b0\u1edbc C\u1ed1t L\u1ea9u C\u00e1 AA &#8211; G\u00f3i 200gr"},"content":{"rendered":"<h3><strong>Gi\u1edbi Thi\u1ec7u Chung V\u1ec1 S\u1ea3n Ph\u1ea9m<\/strong><\/h3>\n<ul>\n<li>T\u00ean S\u1ea3n Ph\u1ea9m: N\u01b0\u1edbc C\u1ed1t L\u1ea9u C\u00e1 AA<\/li>\n<li>Th\u01b0\u01a1ng Hi\u1ec7u: Healthy Food AA<\/li>\n<li>Ngu\u1ed3n G\u1ed1c: Khu nu\u00f4i tr\u1ed3ng c\u00e1 s\u1ea1ch Than Uy\u00ean<\/li>\n<li>Quy C\u00e1ch \u0110\u00f3ng G\u00f3i: 200G\/ G\u00f3i<\/li>\n<li>H\u1ea1n S\u1eed D\u1ee5ng: In tr\u00ean bao b\u00ec<\/li>\n<li>B\u1ea3o Qu\u1ea3n: &#8211; 18 \u0111\u1ed9 C<\/li>\n<\/ul>\n<h3><strong>Th\u00f4ng Tin Chi Ti\u1ebft<\/strong><\/h3>\n<p>V\u00f9ng \u0111\u1ea5t Than Uy\u00ean n\u1eb1m gi\u1eefa \u0111\u1ea1i ng\u00e0n T\u00e2y B\u1eafc, n\u01a1i \u0111\u00e2y \u0111\u01b0\u1ee3c thi\u00ean nhi\u00ean ban t\u1eb7ng nh\u1eefng \u0111i\u1ec1u ki\u1ec7n t\u1ef1 nhi\u00ean r\u1ea5t thu\u1eadn l\u1ee3i, \u0111\u00f3 l\u00e0 ngu\u1ed3n n\u01b0\u1edbc xanh trong c\u00f9ng kh\u00f4ng kh\u00ed v\u00f9ng cao m\u00e1t m\u1ebb. N\u01a1i \u0111\u00e2y \u0111\u01b0\u1ee3c H\u1ee3p T\u00e1c X\u00e3 Than Uy\u00ean l\u1ef1a ch\u1ecdn \u0111\u1ec3 tri\u1ec3n khai nu\u00f4i c\u00e1c lo\u00e0i thu\u1ef7 s\u1ea3n n\u01b0\u1edbc ng\u1ecdt theo m\u00f4 h\u00ecnh b\u00e1n t\u1ef1 nhi\u00ean, cung c\u1ea5p t\u1edbi th\u1ecb tr\u01b0\u1eddng nh\u1eefng s\u1ea3n ph\u1ea9m t\u00f4m c\u00e1 ch\u1ea5t l\u01b0\u1ee3ng h\u00e0ng \u0111\u1ea7u.<\/p>\n<p>S\u1ea3n ph\u1ea9m \u201cN\u01b0\u1edbc C\u1ed1t L\u1ea9u C\u00e1 AA\u201d l\u00e0 s\u1ef1 k\u1ebft h\u1ee3p h\u00e0i ho\u00e0 gi\u1eefa r\u1ea5t nhi\u1ec1u nh\u1eefng h\u01b0\u01a1ng v\u1ecb v\u00f9ng cao T\u00e2y B\u1eafc\u2026T\u1ea5t c\u1ea3 ho\u00e0 quy\u1ec7n v\u1edbi n\u01b0\u1edbc h\u1ea7m c\u00e1 trong nhi\u1ec1u gi\u1edd t\u1ea1o ra m\u1ed9t c\u00f4ng th\u1ee9c n\u01b0\u1edbc c\u1ed1t l\u1ea9u \u0111\u1eb7c bi\u1ec7t<\/p>\n<p>S\u1ea3n ph\u1ea9m l\u1ea1i s\u1ef1 ti\u1ec7n l\u1ee3i, ti\u1ebft ki\u1ec7m cho m\u1ecdi gia \u0111\u00ecnh, v\u1edbi c\u00f4ng th\u1ee9c n\u00eam n\u1ebfm s\u1eb5n, b\u1ea1n ch\u1ec9 c\u1ea7n v\u00e0i thao t\u00e1c \u0111\u01a1n gi\u1ea3n l\u00e0 \u0111\u00e3 c\u00f3 th\u1ec3 ch\u1ebf bi\u1ebfn ra m\u1ed9t n\u1ed3i l\u1ea9u mang \u0111\u1eadm h\u01b0\u01a1ng v\u1ecb T\u00e2y B\u1eafc ngay t\u1ea1i ng\u00f4i nh\u00e0 c\u1ee7a m\u00ecnh.<\/p>\n<p>H\u1ed7 tr\u1ee3 giao h\u00e0ng ho\u1ea3 t\u1ed1c trong v\u00f2ng 2h t\u1ea1i H\u00e0 N\u1ed9i, nhanh ch\u00f3ng, ti\u1ec7n l\u1ee3i, \u0111\u1ea3m b\u1ea3o gi\u1eef \u0111\u01b0\u1ee3c \u0111\u1ed9 t\u01b0\u01a1i ngon chu\u1ea9n nh\u1ea5t c\u1ee7a s\u1ea3n ph\u1ea9m.<\/p>\n<h3><strong>Cam K\u1ebft Ch\u1ea5t L\u01b0\u1ee3ng<\/strong><\/h3>\n<p>\u2705 Ngu\u1ed3n g\u1ed1c xu\u1ea5t x\u1ee9 r\u00f5 r\u00e0ng<\/p>\n<p>\u2705 \u0110\u1ea3m b\u1ea3o v\u1ec7 sinh ATTP<\/p>\n<p>\u2705 Kh\u00f4ng s\u1eed d\u1ee5ng ch\u1ea5t b\u1ea3o qu\u1ea3n, ch\u1ea5t c\u1ea5m<\/p>\n<p>\u2705 100% t\u1eeb c\u00e1 t\u01b0\u01a1i s\u1ea1ch t\u1ea1i Than Uy\u00ean<\/p>\n<p>\u2705 H\u1ed7 tr\u1ee3 ho\u00e0n ti\u1ec1n, \u0111\u1ed5i tr\u1ea3 n\u1ebfu s\u1ea3n ph\u1ea9m kh\u00f4ng nh\u01b0 cam k\u1ebft c\u1ee7a shop<\/p>\n<p>&#8212;&#8212;&#8212;&#8212;&#8212;&#8212;&#8212;&#8212;&#8212;&#8212;&#8212;&#8212;&#8212;&#8212;&#8212;&#8212;&#8212;&#8212;&#8212;&#8212;&#8212;&#8212;<\/p>\n<h3><strong>HEALTHY FOOD \u2013 C\u00e1 Ngon T\u1eeb D\u00f2ng N\u01b0\u1edbc Ng\u1ecdt<\/strong><\/h3>\n","protected":false},"excerpt":{"rendered":"<p>Th\u00e0nh ph\u1ea7n: 95% t\u1eeb \u0111\u1ea7u c\u00e1c v\u00e0 x\u01b0\u01a1ng c\u00e1. 5% t\u1eeb c\u1ee7 qu\u1ea3 t\u01b0\u01a1i: h\u00e0nh t\u00e2y, su h\u00e0o, c\u00e0 r\u1ed1t, c\u00e0 chua, d\u1ee9a, \u1edbt s\u1eebng, t\u1ecfi, ri\u1ec1ng, n\u01b0\u1edbc m\u1eafm, \u0111\u01b0\u1eddng hoa mai, mu\u1ed1i, ch\u1ea5t \u0111i\u1ec1u v\u1ecb, ins 621.<\/p>\n","protected":false},"featured_media":8646,"comment_status":"open","ping_status":"closed","template":"","meta":[],"product_brand":[],"product_cat":[79,77,83],"product_tag":[],"class_list":{"0":"post-8289","1":"product","2":"type-product","3":"status-publish","4":"has-post-thumbnail","6":"product_cat-combo-lau","7":"product_cat-san-pham","8":"product_cat-san-pham-tu-ca","10":"first","11":"instock","12":"shipping-taxable","13":"purchasable","14":"product-type-simple"},"yoast_head":"<!-- This site is optimized with the Yoast SEO plugin v26.5 - https:\/\/yoast.com\/wordpress\/plugins\/seo\/ -->\n<title>N\u01b0\u1edbc C\u1ed1t L\u1ea9u C\u00e1 AA - G\u00f3i 200gr - Healthy food AA<\/title>\n<meta name=\"description\" content=\"Th\u00e0nh ph\u1ea7n: 95% t\u1eeb \u0111\u1ea7u c\u00e1c v\u00e0 x\u01b0\u01a1ng c\u00e1. 5% t\u1eeb c\u1ee7 qu\u1ea3 t\u01b0\u01a1i: h\u00e0nh t\u00e2y, su h\u00e0o, c\u00e0 r\u1ed1t, c\u00e0 chua, d\u1ee9a, \u1edbt s\u1eebng, t\u1ecfi, ri\u1ec1ng, n\u01b0\u1edbc m\u1eafm, \u0111\u01b0\u1eddng hoa mai, mu\u1ed1i, ch\u1ea5t \u0111i\u1ec1u v\u1ecb, ins 621.\" \/>\n<meta name=\"robots\" content=\"index, follow, max-snippet:-1, max-image-preview:large, max-video-preview:-1\" \/>\n<link rel=\"canonical\" href=\"https:\/\/hfa.vn\/product\/nuoc-cot-lau-ca-co-dac-aa\/\" \/>\n<meta property=\"og:locale\" content=\"vi_VN\" \/>\n<meta property=\"og:type\" content=\"article\" \/>\n<meta property=\"og:title\" content=\"N\u01b0\u1edbc C\u1ed1t L\u1ea9u C\u00e1 AA - G\u00f3i 200gr - Healthy food AA\" \/>\n<meta property=\"og:description\" content=\"Th\u00e0nh ph\u1ea7n: 95% t\u1eeb \u0111\u1ea7u c\u00e1c v\u00e0 x\u01b0\u01a1ng c\u00e1. 5% t\u1eeb c\u1ee7 qu\u1ea3 t\u01b0\u01a1i: h\u00e0nh t\u00e2y, su h\u00e0o, c\u00e0 r\u1ed1t, c\u00e0 chua, d\u1ee9a, \u1edbt s\u1eebng, t\u1ecfi, ri\u1ec1ng, n\u01b0\u1edbc m\u1eafm, \u0111\u01b0\u1eddng hoa mai, mu\u1ed1i, ch\u1ea5t \u0111i\u1ec1u v\u1ecb, ins 621.\" \/>\n<meta property=\"og:url\" content=\"https:\/\/hfa.vn\/product\/nuoc-cot-lau-ca-co-dac-aa\/\" \/>\n<meta property=\"og:site_name\" content=\"Healthy food AA\" \/>\n<meta property=\"article:modified_time\" content=\"2024-04-11T09:59:35+00:00\" \/>\n<meta property=\"og:image\" content=\"https:\/\/hfa.vn\/wp-content\/uploads\/2023\/11\/Shoppe-Nuoc-Cot-Lau-1.png\" \/>\n\t<meta property=\"og:image:width\" content=\"900\" \/>\n\t<meta property=\"og:image:height\" content=\"900\" \/>\n\t<meta property=\"og:image:type\" content=\"image\/png\" \/>\n<meta name=\"twitter:card\" content=\"summary_large_image\" \/>\n<meta name=\"twitter:label1\" content=\"\u01af\u1edbc t\u00ednh th\u1eddi gian \u0111\u1ecdc\" \/>\n\t<meta name=\"twitter:data1\" content=\"2 ph\u00fat\" \/>\n<script type=\"application\/ld+json\" class=\"yoast-schema-graph\">{\"@context\":\"https:\/\/schema.org\",\"@graph\":[{\"@type\":\"WebPage\",\"@id\":\"https:\/\/hfa.vn\/product\/nuoc-cot-lau-ca-co-dac-aa\/\",\"url\":\"https:\/\/hfa.vn\/product\/nuoc-cot-lau-ca-co-dac-aa\/\",\"name\":\"N\u01b0\u1edbc C\u1ed1t L\u1ea9u C\u00e1 AA - G\u00f3i 200gr - Healthy food AA\",\"isPartOf\":{\"@id\":\"https:\/\/hfa.vn\/#website\"},\"primaryImageOfPage\":{\"@id\":\"https:\/\/hfa.vn\/product\/nuoc-cot-lau-ca-co-dac-aa\/#primaryimage\"},\"image\":{\"@id\":\"https:\/\/hfa.vn\/product\/nuoc-cot-lau-ca-co-dac-aa\/#primaryimage\"},\"thumbnailUrl\":\"https:\/\/hfa.vn\/wp-content\/uploads\/2023\/11\/Shoppe-Nuoc-Cot-Lau-1.png\",\"datePublished\":\"2023-11-22T06:36:27+00:00\",\"dateModified\":\"2024-04-11T09:59:35+00:00\",\"description\":\"Th\u00e0nh ph\u1ea7n: 95% t\u1eeb \u0111\u1ea7u c\u00e1c v\u00e0 x\u01b0\u01a1ng c\u00e1. 5% t\u1eeb c\u1ee7 qu\u1ea3 t\u01b0\u01a1i: h\u00e0nh t\u00e2y, su h\u00e0o, c\u00e0 r\u1ed1t, c\u00e0 chua, d\u1ee9a, \u1edbt s\u1eebng, t\u1ecfi, ri\u1ec1ng, n\u01b0\u1edbc m\u1eafm, \u0111\u01b0\u1eddng hoa mai, mu\u1ed1i, ch\u1ea5t \u0111i\u1ec1u v\u1ecb, ins 621.\",\"breadcrumb\":{\"@id\":\"https:\/\/hfa.vn\/product\/nuoc-cot-lau-ca-co-dac-aa\/#breadcrumb\"},\"inLanguage\":\"vi\",\"potentialAction\":[{\"@type\":\"ReadAction\",\"target\":[\"https:\/\/hfa.vn\/product\/nuoc-cot-lau-ca-co-dac-aa\/\"]}]},{\"@type\":\"ImageObject\",\"inLanguage\":\"vi\",\"@id\":\"https:\/\/hfa.vn\/product\/nuoc-cot-lau-ca-co-dac-aa\/#primaryimage\",\"url\":\"https:\/\/hfa.vn\/wp-content\/uploads\/2023\/11\/Shoppe-Nuoc-Cot-Lau-1.png\",\"contentUrl\":\"https:\/\/hfa.vn\/wp-content\/uploads\/2023\/11\/Shoppe-Nuoc-Cot-Lau-1.png\",\"width\":900,\"height\":900},{\"@type\":\"BreadcrumbList\",\"@id\":\"https:\/\/hfa.vn\/product\/nuoc-cot-lau-ca-co-dac-aa\/#breadcrumb\",\"itemListElement\":[{\"@type\":\"ListItem\",\"position\":1,\"name\":\"Trang ch\u1ee7\",\"item\":\"https:\/\/hfa.vn\/\"},{\"@type\":\"ListItem\",\"position\":2,\"name\":\"Shop\",\"item\":\"https:\/\/hfa.vn\/?page_id=63\"},{\"@type\":\"ListItem\",\"position\":3,\"name\":\"N\u01b0\u1edbc C\u1ed1t L\u1ea9u C\u00e1 AA &#8211; G\u00f3i 200gr\"}]},{\"@type\":\"WebSite\",\"@id\":\"https:\/\/hfa.vn\/#website\",\"url\":\"https:\/\/hfa.vn\/\",\"name\":\"Healthy food AA\",\"description\":\"S\u1ee9c kh\u1ecfe kh\u00e1ch h\u00e0ng, S\u1ee9 m\u1ec7nh doanh nghi\u1ec7p; Healthy food AA n\u00e2ng t\u1ea7m s\u1ee9c kh\u1ecfe Vi\u1ec7t\",\"potentialAction\":[{\"@type\":\"SearchAction\",\"target\":{\"@type\":\"EntryPoint\",\"urlTemplate\":\"https:\/\/hfa.vn\/?s={search_term_string}\"},\"query-input\":{\"@type\":\"PropertyValueSpecification\",\"valueRequired\":true,\"valueName\":\"search_term_string\"}}],\"inLanguage\":\"vi\"}]}<\/script>\n<!-- \/ Yoast SEO plugin. -->","yoast_head_json":{"title":"N\u01b0\u1edbc C\u1ed1t L\u1ea9u C\u00e1 AA - G\u00f3i 200gr - Healthy food AA","description":"Th\u00e0nh ph\u1ea7n: 95% t\u1eeb \u0111\u1ea7u c\u00e1c v\u00e0 x\u01b0\u01a1ng c\u00e1. 5% t\u1eeb c\u1ee7 qu\u1ea3 t\u01b0\u01a1i: h\u00e0nh t\u00e2y, su h\u00e0o, c\u00e0 r\u1ed1t, c\u00e0 chua, d\u1ee9a, \u1edbt s\u1eebng, t\u1ecfi, ri\u1ec1ng, n\u01b0\u1edbc m\u1eafm, \u0111\u01b0\u1eddng hoa mai, mu\u1ed1i, ch\u1ea5t \u0111i\u1ec1u v\u1ecb, ins 621.","robots":{"index":"index","follow":"follow","max-snippet":"max-snippet:-1","max-image-preview":"max-image-preview:large","max-video-preview":"max-video-preview:-1"},"canonical":"https:\/\/hfa.vn\/product\/nuoc-cot-lau-ca-co-dac-aa\/","og_locale":"vi_VN","og_type":"article","og_title":"N\u01b0\u1edbc C\u1ed1t L\u1ea9u C\u00e1 AA - G\u00f3i 200gr - Healthy food AA","og_description":"Th\u00e0nh ph\u1ea7n: 95% t\u1eeb \u0111\u1ea7u c\u00e1c v\u00e0 x\u01b0\u01a1ng c\u00e1. 5% t\u1eeb c\u1ee7 qu\u1ea3 t\u01b0\u01a1i: h\u00e0nh t\u00e2y, su h\u00e0o, c\u00e0 r\u1ed1t, c\u00e0 chua, d\u1ee9a, \u1edbt s\u1eebng, t\u1ecfi, ri\u1ec1ng, n\u01b0\u1edbc m\u1eafm, \u0111\u01b0\u1eddng hoa mai, mu\u1ed1i, ch\u1ea5t \u0111i\u1ec1u v\u1ecb, ins 621.","og_url":"https:\/\/hfa.vn\/product\/nuoc-cot-lau-ca-co-dac-aa\/","og_site_name":"Healthy food AA","article_modified_time":"2024-04-11T09:59:35+00:00","og_image":[{"width":900,"height":900,"url":"https:\/\/hfa.vn\/wp-content\/uploads\/2023\/11\/Shoppe-Nuoc-Cot-Lau-1.png","type":"image\/png"}],"twitter_card":"summary_large_image","twitter_misc":{"\u01af\u1edbc t\u00ednh th\u1eddi gian \u0111\u1ecdc":"2 ph\u00fat"},"schema":{"@context":"https:\/\/schema.org","@graph":[{"@type":"WebPage","@id":"https:\/\/hfa.vn\/product\/nuoc-cot-lau-ca-co-dac-aa\/","url":"https:\/\/hfa.vn\/product\/nuoc-cot-lau-ca-co-dac-aa\/","name":"N\u01b0\u1edbc C\u1ed1t L\u1ea9u C\u00e1 AA - G\u00f3i 200gr - Healthy food AA","isPartOf":{"@id":"https:\/\/hfa.vn\/#website"},"primaryImageOfPage":{"@id":"https:\/\/hfa.vn\/product\/nuoc-cot-lau-ca-co-dac-aa\/#primaryimage"},"image":{"@id":"https:\/\/hfa.vn\/product\/nuoc-cot-lau-ca-co-dac-aa\/#primaryimage"},"thumbnailUrl":"https:\/\/hfa.vn\/wp-content\/uploads\/2023\/11\/Shoppe-Nuoc-Cot-Lau-1.png","datePublished":"2023-11-22T06:36:27+00:00","dateModified":"2024-04-11T09:59:35+00:00","description":"Th\u00e0nh ph\u1ea7n: 95% t\u1eeb \u0111\u1ea7u c\u00e1c v\u00e0 x\u01b0\u01a1ng c\u00e1. 5% t\u1eeb c\u1ee7 qu\u1ea3 t\u01b0\u01a1i: h\u00e0nh t\u00e2y, su h\u00e0o, c\u00e0 r\u1ed1t, c\u00e0 chua, d\u1ee9a, \u1edbt s\u1eebng, t\u1ecfi, ri\u1ec1ng, n\u01b0\u1edbc m\u1eafm, \u0111\u01b0\u1eddng hoa mai, mu\u1ed1i, ch\u1ea5t \u0111i\u1ec1u v\u1ecb, ins 621.","breadcrumb":{"@id":"https:\/\/hfa.vn\/product\/nuoc-cot-lau-ca-co-dac-aa\/#breadcrumb"},"inLanguage":"vi","potentialAction":[{"@type":"ReadAction","target":["https:\/\/hfa.vn\/product\/nuoc-cot-lau-ca-co-dac-aa\/"]}]},{"@type":"ImageObject","inLanguage":"vi","@id":"https:\/\/hfa.vn\/product\/nuoc-cot-lau-ca-co-dac-aa\/#primaryimage","url":"https:\/\/hfa.vn\/wp-content\/uploads\/2023\/11\/Shoppe-Nuoc-Cot-Lau-1.png","contentUrl":"https:\/\/hfa.vn\/wp-content\/uploads\/2023\/11\/Shoppe-Nuoc-Cot-Lau-1.png","width":900,"height":900},{"@type":"BreadcrumbList","@id":"https:\/\/hfa.vn\/product\/nuoc-cot-lau-ca-co-dac-aa\/#breadcrumb","itemListElement":[{"@type":"ListItem","position":1,"name":"Trang ch\u1ee7","item":"https:\/\/hfa.vn\/"},{"@type":"ListItem","position":2,"name":"Shop","item":"https:\/\/hfa.vn\/?page_id=63"},{"@type":"ListItem","position":3,"name":"N\u01b0\u1edbc C\u1ed1t L\u1ea9u C\u00e1 AA &#8211; G\u00f3i 200gr"}]},{"@type":"WebSite","@id":"https:\/\/hfa.vn\/#website","url":"https:\/\/hfa.vn\/","name":"Healthy food AA","description":"S\u1ee9c kh\u1ecfe kh\u00e1ch h\u00e0ng, S\u1ee9 m\u1ec7nh doanh nghi\u1ec7p; Healthy food AA n\u00e2ng t\u1ea7m s\u1ee9c kh\u1ecfe Vi\u1ec7t","potentialAction":[{"@type":"SearchAction","target":{"@type":"EntryPoint","urlTemplate":"https:\/\/hfa.vn\/?s={search_term_string}"},"query-input":{"@type":"PropertyValueSpecification","valueRequired":true,"valueName":"search_term_string"}}],"inLanguage":"vi"}]}},"_links":{"self":[{"href":"https:\/\/hfa.vn\/index.php?rest_route=\/wp\/v2\/product\/8289","targetHints":{"allow":["GET"]}}],"collection":[{"href":"https:\/\/hfa.vn\/index.php?rest_route=\/wp\/v2\/product"}],"about":[{"href":"https:\/\/hfa.vn\/index.php?rest_route=\/wp\/v2\/types\/product"}],"replies":[{"embeddable":true,"href":"https:\/\/hfa.vn\/index.php?rest_route=%2Fwp%2Fv2%2Fcomments&post=8289"}],"wp:featuredmedia":[{"embeddable":true,"href":"https:\/\/hfa.vn\/index.php?rest_route=\/wp\/v2\/media\/8646"}],"wp:attachment":[{"href":"https:\/\/hfa.vn\/index.php?rest_route=%2Fwp%2Fv2%2Fmedia&parent=8289"}],"wp:term":[{"taxonomy":"product_brand","embeddable":true,"href":"https:\/\/hfa.vn\/index.php?rest_route=%2Fwp%2Fv2%2Fproduct_brand&post=8289"},{"taxonomy":"product_cat","embeddable":true,"href":"https:\/\/hfa.vn\/index.php?rest_route=%2Fwp%2Fv2%2Fproduct_cat&post=8289"},{"taxonomy":"product_tag","embeddable":true,"href":"https:\/\/hfa.vn\/index.php?rest_route=%2Fwp%2Fv2%2Fproduct_tag&post=8289"}],"curies":[{"name":"wp","href":"https:\/\/api.w.org\/{rel}","templated":true}]}}