
{"id":8320,"date":"2023-11-22T14:52:42","date_gmt":"2023-11-22T07:52:42","guid":{"rendered":"https:\/\/hfafood.com\/?post_type=product&#038;p=8320"},"modified":"2024-04-11T16:41:50","modified_gmt":"2024-04-11T09:41:50","slug":"ruoc-ca-lang","status":"publish","type":"product","link":"https:\/\/hfa.vn\/?product=ruoc-ca-lang","title":{"rendered":"Ru\u1ed1c C\u00e1 L\u0103ng AA &#8211; H\u1ed9p 200gr"},"content":{"rendered":"<h3><strong>Gi\u1edbi Thi\u1ec7u Chung V\u1ec1 S\u1ea3n Ph\u1ea9m<\/strong><\/h3>\n<ul>\n<li>T\u00ean S\u1ea3n Ph\u1ea9m: Ru\u1ed1c C\u00e1 L\u0103ng A<\/li>\n<li>Th\u01b0\u01a1ng Hi\u1ec7u: Healthy Food AA<\/li>\n<li>Ngu\u1ed3n G\u1ed1c: Khu nu\u00f4i tr\u1ed3ng c\u00e1 s\u1ea1ch H\u1ee3p T\u00e1c X\u00e3 Than Uy\u00ean<\/li>\n<li>Quy C\u00e1ch \u0110\u00f3ng G\u00f3i: 200g\/ h\u1ed9p<\/li>\n<li>H\u1ea1n S\u1eed D\u1ee5ng: Ghi tr\u00ean s\u1ea3n ph\u1ea9m<\/li>\n<\/ul>\n<h3><strong>Th\u00f4ng Tin Chi Ti\u1ebft<\/strong><\/h3>\n<p>C\u00e1 L\u0103ng t\u1eeb l\u00e2u \u0111\u00e3 \u0111\u01b0\u1ee3c bi\u1ebft \u0111\u1ebfn l\u00e0 m\u1ed9t lo\u00e0i c\u00e1 ngon v\u00e0 ch\u1ee9a nhi\u1ec1u ch\u1ea5t dinh d\u01b0\u1ee1ng t\u1ed1t cho c\u01a1 th\u1ec3 nh\u01b0 c\u00e1c lo\u1ea1i vitamin, kho\u00e1ng ch\u1ea5t v\u00e0 c\u1ea3 DHA gi\u00fap ph\u00e1t tri\u1ec3n b\u1ed9 n\u00e3o.<\/p>\n<p>\u0110\u00e2y l\u00e0 m\u1ed9t s\u1ea3n ph\u1ea9m r\u1ea5t ti\u1ec7n l\u1ee3i v\u00e0 mang nhi\u1ec1u l\u1ee3i \u00edch, ng\u01b0\u1eddi ti\u00eau d\u00f9ng c\u00f3 th\u1ec3 th\u01b0\u1edfng th\u1ee9c tr\u1ecdn v\u1eb9n h\u01b0\u01a1ng v\u1ecb th\u01a1m b\u00f9i t\u1eeb th\u1ecbt c\u00e1 L\u0103ng, k\u1ebft h\u1ee3p v\u1edbi nh\u1eefng gia v\u1ecb \u0111\u1ecba ph\u01b0\u01a1ng c\u00e0ng l\u00e0m cho m\u00f3n \u201cRu\u1ed1c C\u00e1 L\u0103ng\u201d tr\u1edf n\u00ean h\u1ea5p d\u1eabn. Kh\u00e2u ch\u1ebf bi\u1ebfn \u0111\u01b0\u1ee3c l\u00e0m theo nh\u1eefng c\u00f4ng th\u1ee9c \u0111\u1eb7c bi\u1ec7t gi\u00fap kh\u1eed v\u1ecb tanh v\u1ed1n c\u00f3 c\u1ee7a c\u00e1 c\u00f9ng v\u1edbi \u0111\u00f3 c\u0169ng lu\u00f4n \u0111\u1ea3m b\u1ea3o c\u00e1c ti\u00eau chu\u1ea9n v\u1ec1 v\u1ec7 sinh an to\u00e0n th\u1ef1c ph\u1ea9m.<\/p>\n<p>S\u1ea3n ph\u1ea9m \u0111\u01b0\u1ee3c s\u1ea3n xu\u1ea5t 100% l\u00e0 c\u00e1 L\u0103ng s\u1ea1ch nu\u00f4i t\u1ea1i h\u1ed3 th\u1ee7y \u0111i\u1ec7n khu v\u1ef1c huy\u1ec7n Than Uy\u00ean \u2013 Lai Ch\u00e2u, \u0111\u00e2y l\u00e0 m\u1ed9t khu v\u1ef1c c\u00f3 r\u1ea5t nhi\u1ec1u \u0111i\u1ec1u ki\u1ec7n thu\u1eadn l\u1ee3i cho vi\u1ec7c nu\u00f4i c\u00e1 L\u0103ng.<\/p>\n<p>\u201cRu\u1ed1c C\u00e1 L\u0103ng\u201d l\u00e0 m\u1ed9t m\u00f3n \u0103n dinh d\u01b0\u1ee1ng v\u00e0 th\u01a1m ngon, kh\u00f4ng nh\u1eefng v\u1eady l\u1ea1i c\u00f2n r\u1ea5t d\u1ec5 \u0103n v\u00e0 kh\u00f4ng b\u1ecb tanh, do v\u1eady th\u00edch h\u1ee3p l\u00e0 m\u1ed9t m\u00f3n \u0103n b\u1ed5 d\u01b0\u1ee1ng h\u00e0ng ng\u00e0y d\u00e0nh cho c\u00e1c b\u1ea1n nh\u1ecf c\u0169ng nh\u01b0 t\u1ea5t c\u1ea3 c\u00e1c th\u00e0nh vi\u00ean trong gia \u0111\u00ecnh<\/p>\n<p>\ud83d\ude80Ch\u00fang t\u00f4i h\u1ed7 tr\u1ee3 giao h\u00e0ng ho\u1ea3 t\u1ed1c trong v\u00f2ng 2h t\u1ea1i H\u00e0 N\u1ed9i, nhanh ch\u00f3ng, ti\u1ec7n l\u1ee3i, \u0111\u1ea3m b\u1ea3o gi\u1eef \u0111\u01b0\u1ee3c \u0111\u1ed9 t\u01b0\u01a1i ngon chu\u1ea9n nh\u1ea5t c\u1ee7a s\u1ea3n ph\u1ea9m.<\/p>\n<p>\ud83d\udd16C\u00e1c s\u1ea3n ph\u1ea9m \u0111\u00e3 v\u00e0 \u0111ang \u0111\u01b0\u1ee3c b\u00e0y b\u00e1n t\u1ea1i c\u00e1c gian h\u00e0ng c\u1ee7a c\u00e1c si\u00eau th\u1ecb nh\u01b0 Win mark, Aeon, Fuji\u2026<\/p>\n<h3><strong>Cam K\u1ebft Ch\u1ea5t L\u01b0\u1ee3ng<\/strong><\/h3>\n<p>\u2705 Ngu\u1ed3n g\u1ed1c xu\u1ea5t x\u1ee9 r\u00f5 r\u00e0ng<\/p>\n<p>\u2705 \u0110\u1ea3m b\u1ea3o v\u1ec7 sinh ATTP<\/p>\n<p>\u2705 Kh\u00f4ng s\u1eed d\u1ee5ng ch\u1ea5t b\u1ea3o qu\u1ea3n, ch\u1ea5t c\u1ea5m<\/p>\n<p>\u2705 100% t\u1eeb c\u00e1 t\u01b0\u01a1i s\u1ea1ch t\u1ea1i Than Uy\u00ean<\/p>\n<p>\u2705 H\u1ed7 tr\u1ee3 ho\u00e0n ti\u1ec1n, \u0111\u1ed5i tr\u1ea3 n\u1ebfu s\u1ea3n ph\u1ea9m kh\u00f4ng nh\u01b0 cam k\u1ebft c\u1ee7a shop<\/p>\n<p><strong>\u00a0<\/strong><\/p>\n<h3><strong>H\u01b0\u1edbng D\u1eabn S\u1eed D\u1ee5ng<\/strong><\/h3>\n<p>S\u1ea3n ph\u1ea9m c\u00f3 th\u1ec3 s\u1eed d\u1ee5ng \u0103n v\u1edbi c\u01a1m n\u00f3ng, ch\u00e1o ho\u1eb7c k\u1ebft h\u1ee3p ch\u1ebf bi\u1ebfn th\u00e0nh m\u00f3n \u0103n d\u1eb7m cho c\u00e1c b\u1ea1n nh\u1ecf.<\/p>\n<p><strong>\u00a0<\/strong><\/p>\n<p>&#8212;&#8212;&#8212;&#8212;&#8212;&#8212;&#8212;&#8212;&#8212;&#8212;&#8212;&#8212;&#8212;&#8212;&#8212;&#8212;&#8212;&#8212;&#8212;&#8212;&#8212;&#8212;<\/p>\n<h3><strong>Healthy Food AA \u2013 C\u00e1 Ngon T\u1eeb D\u00f2ng N\u01b0\u1edbc Ng\u1ecdt<\/strong><\/h3>\n","protected":false},"excerpt":{"rendered":"<p>L\u00e0m t\u1eeb th\u1ecbt c\u00e1 L\u0103ng file ch\u1ea5t l\u01b0\u1ee3ng cao, k\u1ebft h\u1ee3p v\u1edbi c\u00e1c lo\u1ea1i gia v\u1ecb (Ti\u00eau xay, b\u1ed9t canh, n\u01b0\u1edbc m\u1eafn&#8230;)<br \/>\nS\u1ea3n ph\u1ea9m s\u1eed d\u1ee5ng bao b\u00ec PA, PE \u0111\u1ea3m b\u1ea3o ch\u1ea5t l\u01b0\u1ee3ng v\u1ec7 sinh ATTP<\/p>\n","protected":false},"featured_media":8642,"comment_status":"open","ping_status":"closed","template":"","meta":[],"product_brand":[],"product_cat":[77,83],"product_tag":[],"class_list":{"0":"post-8320","1":"product","2":"type-product","3":"status-publish","4":"has-post-thumbnail","6":"product_cat-san-pham","7":"product_cat-san-pham-tu-ca","9":"first","10":"instock","11":"shipping-taxable","12":"purchasable","13":"product-type-simple"},"yoast_head":"<!-- This site is optimized with the Yoast SEO plugin v26.5 - https:\/\/yoast.com\/wordpress\/plugins\/seo\/ -->\n<title>Ru\u1ed1c C\u00e1 L\u0103ng AA - H\u1ed9p 200gr - Healthy food AA<\/title>\n<meta name=\"description\" content=\"L\u00e0m t\u1eeb th\u1ecbt c\u00e1 L\u0103ng file ch\u1ea5t l\u01b0\u1ee3ng cao, k\u1ebft h\u1ee3p v\u1edbi c\u00e1c lo\u1ea1i gia v\u1ecb (Ti\u00eau xay, b\u1ed9t canh, n\u01b0\u1edbc m\u1eafn...)S\u1ea3n ph\u1ea9m s\u1eed d\u1ee5ng bao b\u00ec PA, PE \u0111\u1ea3m b\u1ea3o ch\u1ea5t l\u01b0\u1ee3ng ch\u1ee9a \u0111\u1ef1ng VSAT th\u1ef1c ph\u1ea9m.\" \/>\n<meta name=\"robots\" content=\"index, follow, max-snippet:-1, max-image-preview:large, max-video-preview:-1\" \/>\n<link rel=\"canonical\" href=\"https:\/\/hfa.vn\/product\/ruoc-ca-lang\/\" \/>\n<meta property=\"og:locale\" content=\"vi_VN\" \/>\n<meta property=\"og:type\" content=\"article\" \/>\n<meta property=\"og:title\" content=\"Ru\u1ed1c C\u00e1 L\u0103ng AA - H\u1ed9p 200gr - Healthy food AA\" \/>\n<meta property=\"og:description\" content=\"L\u00e0m t\u1eeb th\u1ecbt c\u00e1 L\u0103ng file ch\u1ea5t l\u01b0\u1ee3ng cao, k\u1ebft h\u1ee3p v\u1edbi c\u00e1c lo\u1ea1i gia v\u1ecb (Ti\u00eau xay, b\u1ed9t canh, n\u01b0\u1edbc m\u1eafn...)S\u1ea3n ph\u1ea9m s\u1eed d\u1ee5ng bao b\u00ec PA, PE \u0111\u1ea3m b\u1ea3o ch\u1ea5t l\u01b0\u1ee3ng ch\u1ee9a \u0111\u1ef1ng VSAT th\u1ef1c ph\u1ea9m.\" \/>\n<meta property=\"og:url\" content=\"https:\/\/hfa.vn\/product\/ruoc-ca-lang\/\" \/>\n<meta property=\"og:site_name\" content=\"Healthy food AA\" \/>\n<meta property=\"article:modified_time\" content=\"2024-04-11T09:41:50+00:00\" \/>\n<meta property=\"og:image\" content=\"https:\/\/hfa.vn\/wp-content\/uploads\/2023\/11\/Shoppe-Ruoc-Ca-Lang-AA-1.png\" \/>\n\t<meta property=\"og:image:width\" content=\"900\" \/>\n\t<meta property=\"og:image:height\" content=\"900\" \/>\n\t<meta property=\"og:image:type\" content=\"image\/png\" \/>\n<meta name=\"twitter:card\" content=\"summary_large_image\" \/>\n<meta name=\"twitter:label1\" content=\"\u01af\u1edbc t\u00ednh th\u1eddi gian \u0111\u1ecdc\" \/>\n\t<meta name=\"twitter:data1\" content=\"3 ph\u00fat\" \/>\n<script type=\"application\/ld+json\" class=\"yoast-schema-graph\">{\"@context\":\"https:\/\/schema.org\",\"@graph\":[{\"@type\":\"WebPage\",\"@id\":\"https:\/\/hfa.vn\/product\/ruoc-ca-lang\/\",\"url\":\"https:\/\/hfa.vn\/product\/ruoc-ca-lang\/\",\"name\":\"Ru\u1ed1c C\u00e1 L\u0103ng AA - H\u1ed9p 200gr - Healthy food AA\",\"isPartOf\":{\"@id\":\"https:\/\/hfa.vn\/#website\"},\"primaryImageOfPage\":{\"@id\":\"https:\/\/hfa.vn\/product\/ruoc-ca-lang\/#primaryimage\"},\"image\":{\"@id\":\"https:\/\/hfa.vn\/product\/ruoc-ca-lang\/#primaryimage\"},\"thumbnailUrl\":\"https:\/\/hfa.vn\/wp-content\/uploads\/2023\/11\/Shoppe-Ruoc-Ca-Lang-AA-1.png\",\"datePublished\":\"2023-11-22T07:52:42+00:00\",\"dateModified\":\"2024-04-11T09:41:50+00:00\",\"description\":\"L\u00e0m t\u1eeb th\u1ecbt c\u00e1 L\u0103ng file ch\u1ea5t l\u01b0\u1ee3ng cao, k\u1ebft h\u1ee3p v\u1edbi c\u00e1c lo\u1ea1i gia v\u1ecb (Ti\u00eau xay, b\u1ed9t canh, n\u01b0\u1edbc m\u1eafn...)S\u1ea3n ph\u1ea9m s\u1eed d\u1ee5ng bao b\u00ec PA, PE \u0111\u1ea3m b\u1ea3o ch\u1ea5t l\u01b0\u1ee3ng ch\u1ee9a \u0111\u1ef1ng VSAT th\u1ef1c ph\u1ea9m.\",\"breadcrumb\":{\"@id\":\"https:\/\/hfa.vn\/product\/ruoc-ca-lang\/#breadcrumb\"},\"inLanguage\":\"vi\",\"potentialAction\":[{\"@type\":\"ReadAction\",\"target\":[\"https:\/\/hfa.vn\/product\/ruoc-ca-lang\/\"]}]},{\"@type\":\"ImageObject\",\"inLanguage\":\"vi\",\"@id\":\"https:\/\/hfa.vn\/product\/ruoc-ca-lang\/#primaryimage\",\"url\":\"https:\/\/hfa.vn\/wp-content\/uploads\/2023\/11\/Shoppe-Ruoc-Ca-Lang-AA-1.png\",\"contentUrl\":\"https:\/\/hfa.vn\/wp-content\/uploads\/2023\/11\/Shoppe-Ruoc-Ca-Lang-AA-1.png\",\"width\":900,\"height\":900},{\"@type\":\"BreadcrumbList\",\"@id\":\"https:\/\/hfa.vn\/product\/ruoc-ca-lang\/#breadcrumb\",\"itemListElement\":[{\"@type\":\"ListItem\",\"position\":1,\"name\":\"Trang ch\u1ee7\",\"item\":\"https:\/\/hfa.vn\/\"},{\"@type\":\"ListItem\",\"position\":2,\"name\":\"Shop\",\"item\":\"https:\/\/hfa.vn\/?page_id=63\"},{\"@type\":\"ListItem\",\"position\":3,\"name\":\"Ru\u1ed1c C\u00e1 L\u0103ng AA &#8211; H\u1ed9p 200gr\"}]},{\"@type\":\"WebSite\",\"@id\":\"https:\/\/hfa.vn\/#website\",\"url\":\"https:\/\/hfa.vn\/\",\"name\":\"Healthy food AA\",\"description\":\"S\u1ee9c kh\u1ecfe kh\u00e1ch h\u00e0ng, S\u1ee9 m\u1ec7nh doanh nghi\u1ec7p; Healthy food AA n\u00e2ng t\u1ea7m s\u1ee9c kh\u1ecfe Vi\u1ec7t\",\"potentialAction\":[{\"@type\":\"SearchAction\",\"target\":{\"@type\":\"EntryPoint\",\"urlTemplate\":\"https:\/\/hfa.vn\/?s={search_term_string}\"},\"query-input\":{\"@type\":\"PropertyValueSpecification\",\"valueRequired\":true,\"valueName\":\"search_term_string\"}}],\"inLanguage\":\"vi\"}]}<\/script>\n<!-- \/ Yoast SEO plugin. -->","yoast_head_json":{"title":"Ru\u1ed1c C\u00e1 L\u0103ng AA - H\u1ed9p 200gr - Healthy food AA","description":"L\u00e0m t\u1eeb th\u1ecbt c\u00e1 L\u0103ng file ch\u1ea5t l\u01b0\u1ee3ng cao, k\u1ebft h\u1ee3p v\u1edbi c\u00e1c lo\u1ea1i gia v\u1ecb (Ti\u00eau xay, b\u1ed9t canh, n\u01b0\u1edbc m\u1eafn...)S\u1ea3n ph\u1ea9m s\u1eed d\u1ee5ng bao b\u00ec PA, PE \u0111\u1ea3m b\u1ea3o ch\u1ea5t l\u01b0\u1ee3ng ch\u1ee9a \u0111\u1ef1ng VSAT th\u1ef1c ph\u1ea9m.","robots":{"index":"index","follow":"follow","max-snippet":"max-snippet:-1","max-image-preview":"max-image-preview:large","max-video-preview":"max-video-preview:-1"},"canonical":"https:\/\/hfa.vn\/product\/ruoc-ca-lang\/","og_locale":"vi_VN","og_type":"article","og_title":"Ru\u1ed1c C\u00e1 L\u0103ng AA - H\u1ed9p 200gr - Healthy food AA","og_description":"L\u00e0m t\u1eeb th\u1ecbt c\u00e1 L\u0103ng file ch\u1ea5t l\u01b0\u1ee3ng cao, k\u1ebft h\u1ee3p v\u1edbi c\u00e1c lo\u1ea1i gia v\u1ecb (Ti\u00eau xay, b\u1ed9t canh, n\u01b0\u1edbc m\u1eafn...)S\u1ea3n ph\u1ea9m s\u1eed d\u1ee5ng bao b\u00ec PA, PE \u0111\u1ea3m b\u1ea3o ch\u1ea5t l\u01b0\u1ee3ng ch\u1ee9a \u0111\u1ef1ng VSAT th\u1ef1c ph\u1ea9m.","og_url":"https:\/\/hfa.vn\/product\/ruoc-ca-lang\/","og_site_name":"Healthy food AA","article_modified_time":"2024-04-11T09:41:50+00:00","og_image":[{"width":900,"height":900,"url":"https:\/\/hfa.vn\/wp-content\/uploads\/2023\/11\/Shoppe-Ruoc-Ca-Lang-AA-1.png","type":"image\/png"}],"twitter_card":"summary_large_image","twitter_misc":{"\u01af\u1edbc t\u00ednh th\u1eddi gian \u0111\u1ecdc":"3 ph\u00fat"},"schema":{"@context":"https:\/\/schema.org","@graph":[{"@type":"WebPage","@id":"https:\/\/hfa.vn\/product\/ruoc-ca-lang\/","url":"https:\/\/hfa.vn\/product\/ruoc-ca-lang\/","name":"Ru\u1ed1c C\u00e1 L\u0103ng AA - H\u1ed9p 200gr - Healthy food AA","isPartOf":{"@id":"https:\/\/hfa.vn\/#website"},"primaryImageOfPage":{"@id":"https:\/\/hfa.vn\/product\/ruoc-ca-lang\/#primaryimage"},"image":{"@id":"https:\/\/hfa.vn\/product\/ruoc-ca-lang\/#primaryimage"},"thumbnailUrl":"https:\/\/hfa.vn\/wp-content\/uploads\/2023\/11\/Shoppe-Ruoc-Ca-Lang-AA-1.png","datePublished":"2023-11-22T07:52:42+00:00","dateModified":"2024-04-11T09:41:50+00:00","description":"L\u00e0m t\u1eeb th\u1ecbt c\u00e1 L\u0103ng file ch\u1ea5t l\u01b0\u1ee3ng cao, k\u1ebft h\u1ee3p v\u1edbi c\u00e1c lo\u1ea1i gia v\u1ecb (Ti\u00eau xay, b\u1ed9t canh, n\u01b0\u1edbc m\u1eafn...)S\u1ea3n ph\u1ea9m s\u1eed d\u1ee5ng bao b\u00ec PA, PE \u0111\u1ea3m b\u1ea3o ch\u1ea5t l\u01b0\u1ee3ng ch\u1ee9a \u0111\u1ef1ng VSAT th\u1ef1c ph\u1ea9m.","breadcrumb":{"@id":"https:\/\/hfa.vn\/product\/ruoc-ca-lang\/#breadcrumb"},"inLanguage":"vi","potentialAction":[{"@type":"ReadAction","target":["https:\/\/hfa.vn\/product\/ruoc-ca-lang\/"]}]},{"@type":"ImageObject","inLanguage":"vi","@id":"https:\/\/hfa.vn\/product\/ruoc-ca-lang\/#primaryimage","url":"https:\/\/hfa.vn\/wp-content\/uploads\/2023\/11\/Shoppe-Ruoc-Ca-Lang-AA-1.png","contentUrl":"https:\/\/hfa.vn\/wp-content\/uploads\/2023\/11\/Shoppe-Ruoc-Ca-Lang-AA-1.png","width":900,"height":900},{"@type":"BreadcrumbList","@id":"https:\/\/hfa.vn\/product\/ruoc-ca-lang\/#breadcrumb","itemListElement":[{"@type":"ListItem","position":1,"name":"Trang ch\u1ee7","item":"https:\/\/hfa.vn\/"},{"@type":"ListItem","position":2,"name":"Shop","item":"https:\/\/hfa.vn\/?page_id=63"},{"@type":"ListItem","position":3,"name":"Ru\u1ed1c C\u00e1 L\u0103ng AA &#8211; H\u1ed9p 200gr"}]},{"@type":"WebSite","@id":"https:\/\/hfa.vn\/#website","url":"https:\/\/hfa.vn\/","name":"Healthy food AA","description":"S\u1ee9c kh\u1ecfe kh\u00e1ch h\u00e0ng, S\u1ee9 m\u1ec7nh doanh nghi\u1ec7p; Healthy food AA n\u00e2ng t\u1ea7m s\u1ee9c kh\u1ecfe Vi\u1ec7t","potentialAction":[{"@type":"SearchAction","target":{"@type":"EntryPoint","urlTemplate":"https:\/\/hfa.vn\/?s={search_term_string}"},"query-input":{"@type":"PropertyValueSpecification","valueRequired":true,"valueName":"search_term_string"}}],"inLanguage":"vi"}]}},"_links":{"self":[{"href":"https:\/\/hfa.vn\/index.php?rest_route=\/wp\/v2\/product\/8320","targetHints":{"allow":["GET"]}}],"collection":[{"href":"https:\/\/hfa.vn\/index.php?rest_route=\/wp\/v2\/product"}],"about":[{"href":"https:\/\/hfa.vn\/index.php?rest_route=\/wp\/v2\/types\/product"}],"replies":[{"embeddable":true,"href":"https:\/\/hfa.vn\/index.php?rest_route=%2Fwp%2Fv2%2Fcomments&post=8320"}],"wp:featuredmedia":[{"embeddable":true,"href":"https:\/\/hfa.vn\/index.php?rest_route=\/wp\/v2\/media\/8642"}],"wp:attachment":[{"href":"https:\/\/hfa.vn\/index.php?rest_route=%2Fwp%2Fv2%2Fmedia&parent=8320"}],"wp:term":[{"taxonomy":"product_brand","embeddable":true,"href":"https:\/\/hfa.vn\/index.php?rest_route=%2Fwp%2Fv2%2Fproduct_brand&post=8320"},{"taxonomy":"product_cat","embeddable":true,"href":"https:\/\/hfa.vn\/index.php?rest_route=%2Fwp%2Fv2%2Fproduct_cat&post=8320"},{"taxonomy":"product_tag","embeddable":true,"href":"https:\/\/hfa.vn\/index.php?rest_route=%2Fwp%2Fv2%2Fproduct_tag&post=8320"}],"curies":[{"name":"wp","href":"https:\/\/api.w.org\/{rel}","templated":true}]}}