
{"id":8385,"date":"2023-11-23T22:57:31","date_gmt":"2023-11-23T15:57:31","guid":{"rendered":"https:\/\/hfafood.com\/?post_type=product&#038;p=8385"},"modified":"2024-04-11T16:15:49","modified_gmt":"2024-04-11T09:15:49","slug":"ca-ro-file-aa","status":"publish","type":"product","link":"https:\/\/hfa.vn\/?product=ca-ro-file-aa","title":{"rendered":"C\u00e1 R\u00f4 File AA &#8211; Khay 500gr"},"content":{"rendered":"<h3><strong>Gi\u1edbi Thi\u1ec7u Chung V\u1ec1 S\u1ea3n Ph\u1ea9m<\/strong><\/h3>\n<ul>\n<li>T\u00ean S\u1ea3n Ph\u1ea9m: C\u00e1 R\u00f4 File AA<\/li>\n<li>Th\u01b0\u01a1ng Hi\u1ec7u: Helthy Food AA<\/li>\n<li>Ngu\u1ed3n G\u1ed1c: Khu nu\u00f4i tr\u1ed3ng c\u00e1 s\u1ea1ch H\u1ee3p T\u00e1c X\u00e3 Than Uy\u00ean<\/li>\n<li>Quy C\u00e1ch \u0110\u00f3ng G\u00f3i: 500g\/ Khay<\/li>\n<li>H\u1ea1n S\u1eed D\u1ee5ng: In tr\u00ean bao b\u00ec<\/li>\n<\/ul>\n<h3><strong>Th\u00f4ng Tin Chi Ti\u1ebft<\/strong><\/h3>\n<p>S\u1ea3n ph\u1ea9m \u201cC\u00e1 R\u00f4 File\u201d \u0111\u01b0\u1ee3c s\u01a1 ch\u1ebf b\u1eb1ng c\u00e1ch l\u1ecdc to\u00e0n b\u1ed9 nh\u1eefng ph\u1ea7n x\u01b0\u01a1ng l\u1edbn c\u1ee7a c\u00e1 v\u00e0 ch\u1ec9 gi\u1eef l\u1ea1i nh\u1eefng ph\u1ea7n th\u1ecbt ngon nh\u1ea5t, \u0111i\u1ec1u n\u00e0y gi\u00fap c\u00e1c b\u00e0 n\u1ed9i tr\u1ee3 c\u00f3 th\u1ec3 d\u1ec5 d\u00e0ng ch\u1ebf bi\u1ebfn th\u00e0nh c\u00e1c m\u00f3n \u0103n kh\u00e1c nhau m\u00e0 kh\u00f4ng b\u1ecb m\u1ea5t qu\u00e1 nhi\u1ec1u th\u1eddi gian. \u0110\u1eb7c bi\u1ec7t \u201cC\u00e1 R\u00f4 File\u201d \u0111\u01b0\u1ee3c lo\u1ea1i b\u1ecf x\u01b0\u01a1ng b\u1edfi v\u1eady s\u1ebd r\u1ea5t ph\u00f9 h\u1ee3p \u0111\u1ec3 ch\u1ebf bi\u1ebfn nh\u1eefng m\u00f3n \u0103n dinh d\u01b0\u1ee1ng d\u00e0nh cho c\u00e1c b\u1ea1n nh\u1ecf.<\/p>\n<p>C\u00e1 R\u00f4 Than Uy\u00ean \u0111\u01b0\u1ee3c nu\u00f4i theo h\u00ecnh th\u1ee9c b\u00e1n t\u1ef1 nhi\u00ean, \u00e1p d\u1ee5ng m\u00f4 h\u00ecnh \u201cKinh t\u1ebf xanh, kinh t\u1ebf tu\u1ea7n ho\u00e0n\u201d, ngu\u1ed3n th\u1ee9c \u0103n c\u1ee7a c\u00e1 \u0111\u01b0\u1ee3c t\u1eadn d\u1ee5ng t\u1eeb ch\u00ednh ngu\u1ed3n th\u1ef1c v\u1eadt \u0111\u1ecba ph\u01b0\u01a1ng nh\u01b0 c\u00e1c lo\u1ea1i ng\u00f4 khoai s\u1eafn, c\u00e1c ph\u1ee5 ph\u1ea9m sau s\u1ea3n xu\u1ea5t gi\u00fap t\u1eadn d\u1ee5ng t\u1ed1i \u0111a ngu\u1ed3n t\u00e0i nguy\u00ean c\u00f3 s\u1eb5n v\u00e0 h\u1ea1n ch\u1ebf s\u1eed d\u1ee5ng qu\u00e1 nhi\u1ec1u c\u00e1c th\u1ee9c \u0103n c\u00f4ng nghi\u1ec7p<\/p>\n<h3><strong>Cam K\u1ebft Ch\u1ea5t L\u01b0\u1ee3ng<\/strong><\/h3>\n<p>\u2705 Ngu\u1ed3n g\u1ed1c xu\u1ea5t x\u1ee9 r\u00f5 r\u00e0ng<\/p>\n<p>\u2705 \u0110\u1ea3m b\u1ea3o v\u1ec7 sinh ATTP<\/p>\n<p>\u2705 Kh\u00f4ng s\u1eed d\u1ee5ng ch\u1ea5t b\u1ea3o qu\u1ea3n, ch\u1ea5t c\u1ea5m<\/p>\n<p>\u2705 100% t\u1eeb c\u00e1 t\u01b0\u01a1i s\u1ea1ch t\u1ea1i Than Uy\u00ean<\/p>\n<p>\u2705 H\u1ed7 tr\u1ee3 ho\u00e0n ti\u1ec1n, \u0111\u1ed5i tr\u1ea3 n\u1ebfu s\u1ea3n ph\u1ea9m kh\u00f4ng nh\u01b0 cam k\u1ebft c\u1ee7a shop<\/p>\n<p>&nbsp;<\/p>\n<p>&#8212;&#8212;&#8212;&#8212;&#8212;&#8212;&#8212;&#8212;&#8212;&#8212;&#8212;&#8212;&#8212;&#8212;&#8212;&#8212;&#8212;&#8212;&#8212;&#8212;&#8212;&#8212;<\/p>\n<h3><strong>HEALTHY FOOD AA \u2013 C\u00e1 Ngon T\u1eeb D\u00f2ng N\u01b0\u1edbc Ng\u1ecdt<\/strong><\/h3>\n<p>\u0110\u1ecba ch\u1ec9: B\u1ea3n C\u1ee7ng, x\u00e3 Ta Gia, huy\u1ec7n Than Uy\u00ean, t\u1ec9nh Lai Ch\u00e2u<\/p>\n<p>Chi nh\u00e1nh: 89 ph\u1ed1 D\u01b0\u01a1ng L\u00e2m, ph\u01b0\u1eddng V\u0103n Qu\u00e1n, qu\u1eadn H\u00e0 \u0110\u00f4ng, Tp. H\u00e0 N\u1ed9i<\/p>\n<p>Hotline: 088 9090 878<\/p>\n<p>Website: hfa.vn<\/p>\n<p>Fanpage: <a href=\"https:\/\/www.facebook.com\/htxthanuyen\">https:\/\/www.facebook.com\/htxthanuyen<\/a><\/p>\n","protected":false},"excerpt":{"rendered":"<p>500g\/khay<\/p>\n<p>Th\u1ecbt c\u00e1 R\u00f4 Phi L\u00ea Ngon, an to\u00e0n khi s\u1eed d\u1ee5ng, d\u1ec5 d\u00e0ng ch\u1ebf bi\u1ebfn th\u00e0nh c\u00e1c m\u00f3n \u0103n kh\u00e1c nhau cho gia \u0111\u00ecnh b\u1ea1n. S\u1eed d\u1ee5ng bao b\u00ec PA, PE \u0111\u1ea3m b\u1ea3o ch\u1ea5t l\u01b0\u1ee3ng v\u00e0 v\u1ec7 sinh ATTP.<\/p>\n","protected":false},"featured_media":8636,"comment_status":"open","ping_status":"closed","template":"","meta":[],"product_brand":[],"product_cat":[15,82,77],"product_tag":[231,94],"class_list":{"0":"post-8385","1":"product","2":"type-product","3":"status-publish","4":"has-post-thumbnail","6":"product_cat-ca-qua-so-che","7":"product_cat-ca-phi-le","8":"product_cat-san-pham","9":"product_tag-ca-ro","10":"product_tag-ca-ro-phile-aa","12":"first","13":"instock","14":"shipping-taxable","15":"purchasable","16":"product-type-simple"},"yoast_head":"<!-- This site is optimized with the Yoast SEO plugin v26.5 - https:\/\/yoast.com\/wordpress\/plugins\/seo\/ -->\n<title>C\u00e1 R\u00f4 File AA - Khay 500gr - Healthy food AA<\/title>\n<meta name=\"description\" content=\"500gr. Th\u1ecbt c\u00e1 R\u00f4 Phi L\u00ea Ngon, an to\u00e0n khi s\u1eed d\u1ee5ng, d\u1ec5 d\u00e0ng ch\u1ebf bi\u1ebfn th\u00e0nh c\u00e1c m\u00f3n \u0103n kh\u00e1c nhau cho gia \u0111\u00ecnh b\u1ea1n. S\u1eed d\u1ee5ng bao b\u00ec PA, PE \u0111\u1ea3m b\u1ea3o ch\u1ea5t l\u01b0\u1ee3ng v\u00e0 v\u1ec7 sinh ATTP.\" \/>\n<meta name=\"robots\" content=\"index, follow, max-snippet:-1, max-image-preview:large, max-video-preview:-1\" \/>\n<link rel=\"canonical\" href=\"https:\/\/hfa.vn\/product\/ca-ro-file-aa\/\" \/>\n<meta property=\"og:locale\" content=\"vi_VN\" \/>\n<meta property=\"og:type\" content=\"article\" \/>\n<meta property=\"og:title\" content=\"C\u00e1 R\u00f4 File AA - Khay 500gr - Healthy food AA\" \/>\n<meta property=\"og:description\" content=\"500gr. Th\u1ecbt c\u00e1 R\u00f4 Phi L\u00ea Ngon, an to\u00e0n khi s\u1eed d\u1ee5ng, d\u1ec5 d\u00e0ng ch\u1ebf bi\u1ebfn th\u00e0nh c\u00e1c m\u00f3n \u0103n kh\u00e1c nhau cho gia \u0111\u00ecnh b\u1ea1n. S\u1eed d\u1ee5ng bao b\u00ec PA, PE \u0111\u1ea3m b\u1ea3o ch\u1ea5t l\u01b0\u1ee3ng v\u00e0 v\u1ec7 sinh ATTP.\" \/>\n<meta property=\"og:url\" content=\"https:\/\/hfa.vn\/product\/ca-ro-file-aa\/\" \/>\n<meta property=\"og:site_name\" content=\"Healthy food AA\" \/>\n<meta property=\"article:modified_time\" content=\"2024-04-11T09:15:49+00:00\" \/>\n<meta property=\"og:image\" content=\"https:\/\/hfa.vn\/wp-content\/uploads\/2023\/11\/1-3.png\" \/>\n\t<meta property=\"og:image:width\" content=\"900\" \/>\n\t<meta property=\"og:image:height\" content=\"900\" \/>\n\t<meta property=\"og:image:type\" content=\"image\/png\" \/>\n<meta name=\"twitter:card\" content=\"summary_large_image\" \/>\n<meta name=\"twitter:label1\" content=\"\u01af\u1edbc t\u00ednh th\u1eddi gian \u0111\u1ecdc\" \/>\n\t<meta name=\"twitter:data1\" content=\"2 ph\u00fat\" \/>\n<script type=\"application\/ld+json\" class=\"yoast-schema-graph\">{\"@context\":\"https:\/\/schema.org\",\"@graph\":[{\"@type\":\"WebPage\",\"@id\":\"https:\/\/hfa.vn\/product\/ca-ro-file-aa\/\",\"url\":\"https:\/\/hfa.vn\/product\/ca-ro-file-aa\/\",\"name\":\"C\u00e1 R\u00f4 File AA - Khay 500gr - Healthy food AA\",\"isPartOf\":{\"@id\":\"https:\/\/hfa.vn\/#website\"},\"primaryImageOfPage\":{\"@id\":\"https:\/\/hfa.vn\/product\/ca-ro-file-aa\/#primaryimage\"},\"image\":{\"@id\":\"https:\/\/hfa.vn\/product\/ca-ro-file-aa\/#primaryimage\"},\"thumbnailUrl\":\"https:\/\/hfa.vn\/wp-content\/uploads\/2023\/11\/1-3.png\",\"datePublished\":\"2023-11-23T15:57:31+00:00\",\"dateModified\":\"2024-04-11T09:15:49+00:00\",\"description\":\"500gr. Th\u1ecbt c\u00e1 R\u00f4 Phi L\u00ea Ngon, an to\u00e0n khi s\u1eed d\u1ee5ng, d\u1ec5 d\u00e0ng ch\u1ebf bi\u1ebfn th\u00e0nh c\u00e1c m\u00f3n \u0103n kh\u00e1c nhau cho gia \u0111\u00ecnh b\u1ea1n. S\u1eed d\u1ee5ng bao b\u00ec PA, PE \u0111\u1ea3m b\u1ea3o ch\u1ea5t l\u01b0\u1ee3ng v\u00e0 v\u1ec7 sinh ATTP.\",\"breadcrumb\":{\"@id\":\"https:\/\/hfa.vn\/product\/ca-ro-file-aa\/#breadcrumb\"},\"inLanguage\":\"vi\",\"potentialAction\":[{\"@type\":\"ReadAction\",\"target\":[\"https:\/\/hfa.vn\/product\/ca-ro-file-aa\/\"]}]},{\"@type\":\"ImageObject\",\"inLanguage\":\"vi\",\"@id\":\"https:\/\/hfa.vn\/product\/ca-ro-file-aa\/#primaryimage\",\"url\":\"https:\/\/hfa.vn\/wp-content\/uploads\/2023\/11\/1-3.png\",\"contentUrl\":\"https:\/\/hfa.vn\/wp-content\/uploads\/2023\/11\/1-3.png\",\"width\":900,\"height\":900},{\"@type\":\"BreadcrumbList\",\"@id\":\"https:\/\/hfa.vn\/product\/ca-ro-file-aa\/#breadcrumb\",\"itemListElement\":[{\"@type\":\"ListItem\",\"position\":1,\"name\":\"Trang ch\u1ee7\",\"item\":\"https:\/\/hfa.vn\/\"},{\"@type\":\"ListItem\",\"position\":2,\"name\":\"Shop\",\"item\":\"https:\/\/hfa.vn\/?page_id=63\"},{\"@type\":\"ListItem\",\"position\":3,\"name\":\"C\u00e1 R\u00f4 File AA &#8211; Khay 500gr\"}]},{\"@type\":\"WebSite\",\"@id\":\"https:\/\/hfa.vn\/#website\",\"url\":\"https:\/\/hfa.vn\/\",\"name\":\"Healthy food AA\",\"description\":\"S\u1ee9c kh\u1ecfe kh\u00e1ch h\u00e0ng, S\u1ee9 m\u1ec7nh doanh nghi\u1ec7p; Healthy food AA n\u00e2ng t\u1ea7m s\u1ee9c kh\u1ecfe Vi\u1ec7t\",\"potentialAction\":[{\"@type\":\"SearchAction\",\"target\":{\"@type\":\"EntryPoint\",\"urlTemplate\":\"https:\/\/hfa.vn\/?s={search_term_string}\"},\"query-input\":{\"@type\":\"PropertyValueSpecification\",\"valueRequired\":true,\"valueName\":\"search_term_string\"}}],\"inLanguage\":\"vi\"}]}<\/script>\n<!-- \/ Yoast SEO plugin. -->","yoast_head_json":{"title":"C\u00e1 R\u00f4 File AA - Khay 500gr - Healthy food AA","description":"500gr. Th\u1ecbt c\u00e1 R\u00f4 Phi L\u00ea Ngon, an to\u00e0n khi s\u1eed d\u1ee5ng, d\u1ec5 d\u00e0ng ch\u1ebf bi\u1ebfn th\u00e0nh c\u00e1c m\u00f3n \u0103n kh\u00e1c nhau cho gia \u0111\u00ecnh b\u1ea1n. S\u1eed d\u1ee5ng bao b\u00ec PA, PE \u0111\u1ea3m b\u1ea3o ch\u1ea5t l\u01b0\u1ee3ng v\u00e0 v\u1ec7 sinh ATTP.","robots":{"index":"index","follow":"follow","max-snippet":"max-snippet:-1","max-image-preview":"max-image-preview:large","max-video-preview":"max-video-preview:-1"},"canonical":"https:\/\/hfa.vn\/product\/ca-ro-file-aa\/","og_locale":"vi_VN","og_type":"article","og_title":"C\u00e1 R\u00f4 File AA - Khay 500gr - Healthy food AA","og_description":"500gr. Th\u1ecbt c\u00e1 R\u00f4 Phi L\u00ea Ngon, an to\u00e0n khi s\u1eed d\u1ee5ng, d\u1ec5 d\u00e0ng ch\u1ebf bi\u1ebfn th\u00e0nh c\u00e1c m\u00f3n \u0103n kh\u00e1c nhau cho gia \u0111\u00ecnh b\u1ea1n. S\u1eed d\u1ee5ng bao b\u00ec PA, PE \u0111\u1ea3m b\u1ea3o ch\u1ea5t l\u01b0\u1ee3ng v\u00e0 v\u1ec7 sinh ATTP.","og_url":"https:\/\/hfa.vn\/product\/ca-ro-file-aa\/","og_site_name":"Healthy food AA","article_modified_time":"2024-04-11T09:15:49+00:00","og_image":[{"width":900,"height":900,"url":"https:\/\/hfa.vn\/wp-content\/uploads\/2023\/11\/1-3.png","type":"image\/png"}],"twitter_card":"summary_large_image","twitter_misc":{"\u01af\u1edbc t\u00ednh th\u1eddi gian \u0111\u1ecdc":"2 ph\u00fat"},"schema":{"@context":"https:\/\/schema.org","@graph":[{"@type":"WebPage","@id":"https:\/\/hfa.vn\/product\/ca-ro-file-aa\/","url":"https:\/\/hfa.vn\/product\/ca-ro-file-aa\/","name":"C\u00e1 R\u00f4 File AA - Khay 500gr - Healthy food AA","isPartOf":{"@id":"https:\/\/hfa.vn\/#website"},"primaryImageOfPage":{"@id":"https:\/\/hfa.vn\/product\/ca-ro-file-aa\/#primaryimage"},"image":{"@id":"https:\/\/hfa.vn\/product\/ca-ro-file-aa\/#primaryimage"},"thumbnailUrl":"https:\/\/hfa.vn\/wp-content\/uploads\/2023\/11\/1-3.png","datePublished":"2023-11-23T15:57:31+00:00","dateModified":"2024-04-11T09:15:49+00:00","description":"500gr. Th\u1ecbt c\u00e1 R\u00f4 Phi L\u00ea Ngon, an to\u00e0n khi s\u1eed d\u1ee5ng, d\u1ec5 d\u00e0ng ch\u1ebf bi\u1ebfn th\u00e0nh c\u00e1c m\u00f3n \u0103n kh\u00e1c nhau cho gia \u0111\u00ecnh b\u1ea1n. S\u1eed d\u1ee5ng bao b\u00ec PA, PE \u0111\u1ea3m b\u1ea3o ch\u1ea5t l\u01b0\u1ee3ng v\u00e0 v\u1ec7 sinh ATTP.","breadcrumb":{"@id":"https:\/\/hfa.vn\/product\/ca-ro-file-aa\/#breadcrumb"},"inLanguage":"vi","potentialAction":[{"@type":"ReadAction","target":["https:\/\/hfa.vn\/product\/ca-ro-file-aa\/"]}]},{"@type":"ImageObject","inLanguage":"vi","@id":"https:\/\/hfa.vn\/product\/ca-ro-file-aa\/#primaryimage","url":"https:\/\/hfa.vn\/wp-content\/uploads\/2023\/11\/1-3.png","contentUrl":"https:\/\/hfa.vn\/wp-content\/uploads\/2023\/11\/1-3.png","width":900,"height":900},{"@type":"BreadcrumbList","@id":"https:\/\/hfa.vn\/product\/ca-ro-file-aa\/#breadcrumb","itemListElement":[{"@type":"ListItem","position":1,"name":"Trang ch\u1ee7","item":"https:\/\/hfa.vn\/"},{"@type":"ListItem","position":2,"name":"Shop","item":"https:\/\/hfa.vn\/?page_id=63"},{"@type":"ListItem","position":3,"name":"C\u00e1 R\u00f4 File AA &#8211; Khay 500gr"}]},{"@type":"WebSite","@id":"https:\/\/hfa.vn\/#website","url":"https:\/\/hfa.vn\/","name":"Healthy food AA","description":"S\u1ee9c kh\u1ecfe kh\u00e1ch h\u00e0ng, S\u1ee9 m\u1ec7nh doanh nghi\u1ec7p; Healthy food AA n\u00e2ng t\u1ea7m s\u1ee9c kh\u1ecfe Vi\u1ec7t","potentialAction":[{"@type":"SearchAction","target":{"@type":"EntryPoint","urlTemplate":"https:\/\/hfa.vn\/?s={search_term_string}"},"query-input":{"@type":"PropertyValueSpecification","valueRequired":true,"valueName":"search_term_string"}}],"inLanguage":"vi"}]}},"_links":{"self":[{"href":"https:\/\/hfa.vn\/index.php?rest_route=\/wp\/v2\/product\/8385","targetHints":{"allow":["GET"]}}],"collection":[{"href":"https:\/\/hfa.vn\/index.php?rest_route=\/wp\/v2\/product"}],"about":[{"href":"https:\/\/hfa.vn\/index.php?rest_route=\/wp\/v2\/types\/product"}],"replies":[{"embeddable":true,"href":"https:\/\/hfa.vn\/index.php?rest_route=%2Fwp%2Fv2%2Fcomments&post=8385"}],"wp:featuredmedia":[{"embeddable":true,"href":"https:\/\/hfa.vn\/index.php?rest_route=\/wp\/v2\/media\/8636"}],"wp:attachment":[{"href":"https:\/\/hfa.vn\/index.php?rest_route=%2Fwp%2Fv2%2Fmedia&parent=8385"}],"wp:term":[{"taxonomy":"product_brand","embeddable":true,"href":"https:\/\/hfa.vn\/index.php?rest_route=%2Fwp%2Fv2%2Fproduct_brand&post=8385"},{"taxonomy":"product_cat","embeddable":true,"href":"https:\/\/hfa.vn\/index.php?rest_route=%2Fwp%2Fv2%2Fproduct_cat&post=8385"},{"taxonomy":"product_tag","embeddable":true,"href":"https:\/\/hfa.vn\/index.php?rest_route=%2Fwp%2Fv2%2Fproduct_tag&post=8385"}],"curies":[{"name":"wp","href":"https:\/\/api.w.org\/{rel}","templated":true}]}}