
{"id":8550,"date":"2024-03-23T14:19:44","date_gmt":"2024-03-23T07:19:44","guid":{"rendered":"https:\/\/hfa.vn\/?post_type=product&#038;p=8550"},"modified":"2024-04-05T16:53:30","modified_gmt":"2024-04-05T09:53:30","slug":"ca-vien-chien-thuong-hang-aa-hop-300gr","status":"publish","type":"product","link":"https:\/\/hfa.vn\/?product=ca-vien-chien-thuong-hang-aa-hop-300gr","title":{"rendered":"C\u00e1 Vi\u00ean Chi\u00ean Th\u01b0\u1ee3ng H\u1ea1ng AA &#8211; H\u1ed9p 300gr"},"content":{"rendered":"<h3><strong>Gi\u1edbi Thi\u1ec7u Chung V\u1ec1 S\u1ea3n Ph\u1ea9m<\/strong><\/h3>\n<ul>\n<li>T\u00ean S\u1ea3n Ph\u1ea9m: C\u00e1 Vi\u00ean Chi\u00ean Th\u01b0\u1ee3ng H\u1ea1ng AA<\/li>\n<li>Th\u01b0\u01a1ng Hi\u1ec7u: Healthy Food AA<\/li>\n<li>Ngu\u1ed3n G\u1ed1c: Khu nu\u00f4i tr\u1ed3ng c\u00e1 s\u1ea1ch H\u1ee3p T\u00e1c X\u00e3 Than Uy\u00ean<\/li>\n<li>Quy C\u00e1ch \u0110\u00f3ng G\u00f3i: 300gr\/ H\u1ed9p<\/li>\n<li>H\u1ea1n S\u1eed D\u1ee5ng: In tr\u00ean bao b\u00ec<\/li>\n<\/ul>\n<h3><strong>Th\u00f4ng Tin Chi Ti\u1ebft<\/strong><\/h3>\n<p>C\u00e1 vi\u00ean chi\u00ean l\u00e0 m\u1ed9t m\u00f3n \u0103n \u0111\u00e3 r\u1ea5t quen thu\u1ed9c \u0111\u1ed1i v\u1edbi c\u00e1c b\u1ea1n tr\u1ebb, \u0111\u01b0\u1ee3c g\u1ecdi l\u00e0 m\u00f3n \u0103n \u201cTh\u1ea7n Th\u00e1nh\u201d c\u1ee7a th\u1eddi sinh vi\u00ean. Ch\u00fang ta c\u00f3 th\u1ec3 r\u1ea5t d\u1ec5 mu\u1ed1n v\u00e0 th\u01b0\u1edfng th\u1ee9c.<\/p>\n<p>Sanr ph\u1ea9m \u201cC\u00e1 Vi\u00ean Chi\u00ean Th\u01b0\u1ee3ng H\u1ea1ng AA\u201d c\u1ee7a H\u1ee3p T\u00e1c X\u00e3 Than Uy\u00ean l\u00e0 m\u1ed9t s\u1ea3n ph\u1ea9m \u0111\u1eb7c bi\u1ec7t, kh\u00f4ng gi\u1ed1ng v\u1edbi b\u1ea5t k\u00ec lo\u1ea1i s\u1ea3n ph\u1ea9m n\u00e0o \u0111ang c\u00f3 tr\u00ean th\u1ecb tr\u01b0\u1eddng. M\u1ed7i vi\u00ean c\u00e1 l\u00e0 s\u1ef1 ho\u00e0 tr\u1ecdn h\u00e0i ho\u00e0 c\u1ee7a th\u1ecbt c\u00e1 ngon c\u00f9ng c\u00e1c lo\u1ea1i gia v\u1ecb kh\u00e1c nhau, k\u1ebft h\u1ee3p v\u1edbi m\u1ed9t l\u1edbp b\u1ed9t chi\u00ean s\u00f9 gi\u00f2n r\u1ee5m b\u00ean ngo\u00e0i.<\/p>\n<p>\u201cC\u00e1 Vi\u00ean Chi\u00ean Th\u01b0\u1ee3ng H\u1ea1ng AA\u201d l\u00e0 m\u1ed9t s\u1ea3n ph\u1ea9m \u0111\u01b0\u1ee3c l\u00e0m 100% t\u1eeb th\u1ecbt c\u00e1 s\u1ea1ch file Than Uy\u00ean ch\u1ea5t l\u01b0\u1ee3ng cao. Kh\u00e2u s\u01a1 ch\u1ebf v\u00e0 ch\u1ebf bi\u1ebfn \u00e1p d\u1ee5ng nh\u1eefng k\u1ef9 thu\u1eadt hi\u1ec7n \u0111\u1ea1i v\u00e0 y\u1ebfu t\u1ed1 v\u1ec7 sinh an to\u00e0n th\u1ef1c ph\u1ea9m \u0111\u01b0\u1ee3c \u0111\u1eb7t l\u00ean h\u00e0ng \u0111\u1ea7u.<\/p>\n<p>\u201cC\u00e1 Vi\u00ean Chi\u00ean Th\u01b0\u1ee3ng H\u1ea1ng AA\u201d l\u00e0 m\u1ed9t m\u00f3n \u0103n v\u1eb7t r\u1ea5t ti\u1ec7n l\u1ee3i v\u00e0 ph\u00f9 h\u1ee3p v\u1edbi \u0111\u1ea1i \u0111a s\u1ed1 m\u1ecdi ng\u01b0\u1eddi, \u0111\u1eb7c bi\u1ec7t l\u00e0 c\u00e1c b\u1ea1n tr\u1ebb. T\u00f9y v\u00e0o s\u1edf th\u00edch k\u1ebft h\u1ee3p, khi \u0103n c\u00f3 th\u1ec3 ch\u1ea5m c\u00f9ng v\u1edbi t\u01b0\u01a1ng \u1edbt, s\u1ed1t mayonnaise, \u0103n k\u00e8m d\u01b0a chu\u1ed9t, d\u01b0a chua,&#8230; T\u1ea5t c\u1ea3 \u0111\u1ec1u r\u1ea5t ngon.<\/p>\n<p>\ud83d\ude80Ch\u00fang t\u00f4i h\u1ed7 tr\u1ee3 giao h\u00e0ng ho\u1ea3 t\u1ed1c trong v\u00f2ng 2h t\u1ea1i H\u00e0 N\u1ed9i, nhanh ch\u00f3ng, ti\u1ec7n l\u1ee3i, \u0111\u1ea3m b\u1ea3o gi\u1eef \u0111\u01b0\u1ee3c \u0111\u1ed9 t\u01b0\u01a1i ngon chu\u1ea9n nh\u1ea5t c\u1ee7a s\u1ea3n ph\u1ea9m.<\/p>\n<p>\ud83d\udd16C\u00e1c s\u1ea3n ph\u1ea9m \u0111\u00e3 v\u00e0 \u0111ang \u0111\u01b0\u1ee3c b\u00e0y b\u00e1n t\u1ea1i c\u00e1c gian h\u00e0ng c\u1ee7a c\u00e1c si\u00eau th\u1ecb nh\u01b0 Win mark, Aeon, Fuji\u2026<\/p>\n<h3><strong>Cam K\u1ebft Ch\u1ea5t L\u01b0\u1ee3ng<\/strong><\/h3>\n<p>\u2705 Ngu\u1ed3n g\u1ed1c xu\u1ea5t x\u1ee9 r\u00f5 r\u00e0ng<\/p>\n<p>\u2705 \u0110\u1ea3m b\u1ea3o v\u1ec7 sinh ATTP<\/p>\n<p>\u2705 Kh\u00f4ng s\u1eed d\u1ee5ng ch\u1ea5t b\u1ea3o qu\u1ea3n, ch\u1ea5t c\u1ea5m<\/p>\n<p>\u2705 100% t\u1eeb c\u00e1 t\u01b0\u01a1i s\u1ea1ch t\u1ea1i Than Uy\u00ean<\/p>\n<p>\u2705 H\u1ed7 tr\u1ee3 ho\u00e0n ti\u1ec1n, \u0111\u1ed5i tr\u1ea3 n\u1ebfu s\u1ea3n ph\u1ea9m kh\u00f4ng nh\u01b0 cam k\u1ebft c\u1ee7a shop<\/p>\n<p>&#8212;&#8212;&#8212;&#8212;&#8212;&#8212;&#8212;&#8212;&#8212;&#8212;&#8212;&#8212;&#8212;&#8212;&#8212;&#8212;&#8212;&#8212;&#8212;&#8212;&#8212;&#8212;<\/p>\n<h3><strong>HEALTHY FOOD AA<\/strong><strong> \u2013 C\u00e1 Ngon T\u1eeb D\u00f2ng N\u01b0\u1edbc Ng\u1ecdt<\/strong><\/h3>\n","protected":false},"excerpt":{"rendered":"<p>Kh\u00f4ng gi\u1ed1ng v\u1edbi b\u1ea5t k\u00ec lo\u1ea1i s\u1ea3n ph\u1ea9m n\u00e0o \u0111ang c\u00f3 tr\u00ean th\u1ecb tr\u01b0\u1eddng. M\u1ed7i vi\u00ean c\u00e1 l\u00e0 s\u1ef1 ho\u00e0 tr\u1ecdn h\u00e0i ho\u00e0 c\u1ee7a th\u1ecbt c\u00e1 ngon c\u00f9ng c\u00e1c lo\u1ea1i gia v\u1ecb kh\u00e1c nhau, k\u1ebft h\u1ee3p v\u1edbi m\u1ed9t l\u1edbp b\u1ed9t chi\u00ean s\u00f9 gi\u00f2n r\u1ee5m b\u00ean ngo\u00e0i.<\/p>\n","protected":false},"featured_media":8629,"comment_status":"open","ping_status":"closed","template":"","meta":[],"product_brand":[],"product_cat":[77,83],"product_tag":[],"class_list":{"0":"post-8550","1":"product","2":"type-product","3":"status-publish","4":"has-post-thumbnail","6":"product_cat-san-pham","7":"product_cat-san-pham-tu-ca","9":"first","10":"instock","11":"shipping-taxable","12":"purchasable","13":"product-type-simple"},"yoast_head":"<!-- This site is optimized with the Yoast SEO plugin v26.5 - https:\/\/yoast.com\/wordpress\/plugins\/seo\/ -->\n<title>C\u00e1 Vi\u00ean Chi\u00ean Th\u01b0\u1ee3ng H\u1ea1ng AA - H\u1ed9p 300gr - Healthy food AA<\/title>\n<meta name=\"description\" content=\"Kh\u00f4ng gi\u1ed1ng v\u1edbi b\u1ea5t k\u00ec lo\u1ea1i s\u1ea3n ph\u1ea9m n\u00e0o \u0111ang c\u00f3 tr\u00ean th\u1ecb tr\u01b0\u1eddng. M\u1ed7i vi\u00ean c\u00e1 l\u00e0 s\u1ef1 ho\u00e0 tr\u1ecdn h\u00e0i ho\u00e0 c\u1ee7a th\u1ecbt c\u00e1 ngon c\u00f9ng c\u00e1c lo\u1ea1i gia v\u1ecb kh\u00e1c nhau, k\u1ebft h\u1ee3p v\u1edbi m\u1ed9t l\u1edbp b\u1ed9t chi\u00ean s\u00f9 gi\u00f2n r\u1ee5m b\u00ean ngo\u00e0i.\" \/>\n<meta name=\"robots\" content=\"index, follow, max-snippet:-1, max-image-preview:large, max-video-preview:-1\" \/>\n<link rel=\"canonical\" href=\"https:\/\/hfa.vn\/product\/ca-vien-chien-thuong-hang-aa-hop-300gr\/\" \/>\n<meta property=\"og:locale\" content=\"vi_VN\" \/>\n<meta property=\"og:type\" content=\"article\" \/>\n<meta property=\"og:title\" content=\"C\u00e1 Vi\u00ean Chi\u00ean Th\u01b0\u1ee3ng H\u1ea1ng AA - H\u1ed9p 300gr - Healthy food AA\" \/>\n<meta property=\"og:description\" content=\"Kh\u00f4ng gi\u1ed1ng v\u1edbi b\u1ea5t k\u00ec lo\u1ea1i s\u1ea3n ph\u1ea9m n\u00e0o \u0111ang c\u00f3 tr\u00ean th\u1ecb tr\u01b0\u1eddng. M\u1ed7i vi\u00ean c\u00e1 l\u00e0 s\u1ef1 ho\u00e0 tr\u1ecdn h\u00e0i ho\u00e0 c\u1ee7a th\u1ecbt c\u00e1 ngon c\u00f9ng c\u00e1c lo\u1ea1i gia v\u1ecb kh\u00e1c nhau, k\u1ebft h\u1ee3p v\u1edbi m\u1ed9t l\u1edbp b\u1ed9t chi\u00ean s\u00f9 gi\u00f2n r\u1ee5m b\u00ean ngo\u00e0i.\" \/>\n<meta property=\"og:url\" content=\"https:\/\/hfa.vn\/product\/ca-vien-chien-thuong-hang-aa-hop-300gr\/\" \/>\n<meta property=\"og:site_name\" content=\"Healthy food AA\" \/>\n<meta property=\"article:modified_time\" content=\"2024-04-05T09:53:30+00:00\" \/>\n<meta property=\"og:image\" content=\"https:\/\/hfa.vn\/wp-content\/uploads\/2024\/03\/Ca-Vien-Chien-Thuong-Hang-AA.png\" \/>\n\t<meta property=\"og:image:width\" content=\"900\" \/>\n\t<meta property=\"og:image:height\" content=\"900\" \/>\n\t<meta property=\"og:image:type\" content=\"image\/png\" \/>\n<meta name=\"twitter:card\" content=\"summary_large_image\" \/>\n<meta name=\"twitter:label1\" content=\"\u01af\u1edbc t\u00ednh th\u1eddi gian \u0111\u1ecdc\" \/>\n\t<meta name=\"twitter:data1\" content=\"3 ph\u00fat\" \/>\n<script type=\"application\/ld+json\" class=\"yoast-schema-graph\">{\"@context\":\"https:\/\/schema.org\",\"@graph\":[{\"@type\":\"WebPage\",\"@id\":\"https:\/\/hfa.vn\/product\/ca-vien-chien-thuong-hang-aa-hop-300gr\/\",\"url\":\"https:\/\/hfa.vn\/product\/ca-vien-chien-thuong-hang-aa-hop-300gr\/\",\"name\":\"C\u00e1 Vi\u00ean Chi\u00ean Th\u01b0\u1ee3ng H\u1ea1ng AA - H\u1ed9p 300gr - Healthy food AA\",\"isPartOf\":{\"@id\":\"https:\/\/hfa.vn\/#website\"},\"primaryImageOfPage\":{\"@id\":\"https:\/\/hfa.vn\/product\/ca-vien-chien-thuong-hang-aa-hop-300gr\/#primaryimage\"},\"image\":{\"@id\":\"https:\/\/hfa.vn\/product\/ca-vien-chien-thuong-hang-aa-hop-300gr\/#primaryimage\"},\"thumbnailUrl\":\"https:\/\/hfa.vn\/wp-content\/uploads\/2024\/03\/Ca-Vien-Chien-Thuong-Hang-AA.png\",\"datePublished\":\"2024-03-23T07:19:44+00:00\",\"dateModified\":\"2024-04-05T09:53:30+00:00\",\"description\":\"Kh\u00f4ng gi\u1ed1ng v\u1edbi b\u1ea5t k\u00ec lo\u1ea1i s\u1ea3n ph\u1ea9m n\u00e0o \u0111ang c\u00f3 tr\u00ean th\u1ecb tr\u01b0\u1eddng. M\u1ed7i vi\u00ean c\u00e1 l\u00e0 s\u1ef1 ho\u00e0 tr\u1ecdn h\u00e0i ho\u00e0 c\u1ee7a th\u1ecbt c\u00e1 ngon c\u00f9ng c\u00e1c lo\u1ea1i gia v\u1ecb kh\u00e1c nhau, k\u1ebft h\u1ee3p v\u1edbi m\u1ed9t l\u1edbp b\u1ed9t chi\u00ean s\u00f9 gi\u00f2n r\u1ee5m b\u00ean ngo\u00e0i.\",\"breadcrumb\":{\"@id\":\"https:\/\/hfa.vn\/product\/ca-vien-chien-thuong-hang-aa-hop-300gr\/#breadcrumb\"},\"inLanguage\":\"vi\",\"potentialAction\":[{\"@type\":\"ReadAction\",\"target\":[\"https:\/\/hfa.vn\/product\/ca-vien-chien-thuong-hang-aa-hop-300gr\/\"]}]},{\"@type\":\"ImageObject\",\"inLanguage\":\"vi\",\"@id\":\"https:\/\/hfa.vn\/product\/ca-vien-chien-thuong-hang-aa-hop-300gr\/#primaryimage\",\"url\":\"https:\/\/hfa.vn\/wp-content\/uploads\/2024\/03\/Ca-Vien-Chien-Thuong-Hang-AA.png\",\"contentUrl\":\"https:\/\/hfa.vn\/wp-content\/uploads\/2024\/03\/Ca-Vien-Chien-Thuong-Hang-AA.png\",\"width\":900,\"height\":900},{\"@type\":\"BreadcrumbList\",\"@id\":\"https:\/\/hfa.vn\/product\/ca-vien-chien-thuong-hang-aa-hop-300gr\/#breadcrumb\",\"itemListElement\":[{\"@type\":\"ListItem\",\"position\":1,\"name\":\"Trang ch\u1ee7\",\"item\":\"https:\/\/hfa.vn\/\"},{\"@type\":\"ListItem\",\"position\":2,\"name\":\"Shop\",\"item\":\"https:\/\/hfa.vn\/?page_id=63\"},{\"@type\":\"ListItem\",\"position\":3,\"name\":\"C\u00e1 Vi\u00ean Chi\u00ean Th\u01b0\u1ee3ng H\u1ea1ng AA &#8211; H\u1ed9p 300gr\"}]},{\"@type\":\"WebSite\",\"@id\":\"https:\/\/hfa.vn\/#website\",\"url\":\"https:\/\/hfa.vn\/\",\"name\":\"Healthy food AA\",\"description\":\"S\u1ee9c kh\u1ecfe kh\u00e1ch h\u00e0ng, S\u1ee9 m\u1ec7nh doanh nghi\u1ec7p; Healthy food AA n\u00e2ng t\u1ea7m s\u1ee9c kh\u1ecfe Vi\u1ec7t\",\"potentialAction\":[{\"@type\":\"SearchAction\",\"target\":{\"@type\":\"EntryPoint\",\"urlTemplate\":\"https:\/\/hfa.vn\/?s={search_term_string}\"},\"query-input\":{\"@type\":\"PropertyValueSpecification\",\"valueRequired\":true,\"valueName\":\"search_term_string\"}}],\"inLanguage\":\"vi\"}]}<\/script>\n<!-- \/ Yoast SEO plugin. -->","yoast_head_json":{"title":"C\u00e1 Vi\u00ean Chi\u00ean Th\u01b0\u1ee3ng H\u1ea1ng AA - H\u1ed9p 300gr - Healthy food AA","description":"Kh\u00f4ng gi\u1ed1ng v\u1edbi b\u1ea5t k\u00ec lo\u1ea1i s\u1ea3n ph\u1ea9m n\u00e0o \u0111ang c\u00f3 tr\u00ean th\u1ecb tr\u01b0\u1eddng. M\u1ed7i vi\u00ean c\u00e1 l\u00e0 s\u1ef1 ho\u00e0 tr\u1ecdn h\u00e0i ho\u00e0 c\u1ee7a th\u1ecbt c\u00e1 ngon c\u00f9ng c\u00e1c lo\u1ea1i gia v\u1ecb kh\u00e1c nhau, k\u1ebft h\u1ee3p v\u1edbi m\u1ed9t l\u1edbp b\u1ed9t chi\u00ean s\u00f9 gi\u00f2n r\u1ee5m b\u00ean ngo\u00e0i.","robots":{"index":"index","follow":"follow","max-snippet":"max-snippet:-1","max-image-preview":"max-image-preview:large","max-video-preview":"max-video-preview:-1"},"canonical":"https:\/\/hfa.vn\/product\/ca-vien-chien-thuong-hang-aa-hop-300gr\/","og_locale":"vi_VN","og_type":"article","og_title":"C\u00e1 Vi\u00ean Chi\u00ean Th\u01b0\u1ee3ng H\u1ea1ng AA - H\u1ed9p 300gr - Healthy food AA","og_description":"Kh\u00f4ng gi\u1ed1ng v\u1edbi b\u1ea5t k\u00ec lo\u1ea1i s\u1ea3n ph\u1ea9m n\u00e0o \u0111ang c\u00f3 tr\u00ean th\u1ecb tr\u01b0\u1eddng. M\u1ed7i vi\u00ean c\u00e1 l\u00e0 s\u1ef1 ho\u00e0 tr\u1ecdn h\u00e0i ho\u00e0 c\u1ee7a th\u1ecbt c\u00e1 ngon c\u00f9ng c\u00e1c lo\u1ea1i gia v\u1ecb kh\u00e1c nhau, k\u1ebft h\u1ee3p v\u1edbi m\u1ed9t l\u1edbp b\u1ed9t chi\u00ean s\u00f9 gi\u00f2n r\u1ee5m b\u00ean ngo\u00e0i.","og_url":"https:\/\/hfa.vn\/product\/ca-vien-chien-thuong-hang-aa-hop-300gr\/","og_site_name":"Healthy food AA","article_modified_time":"2024-04-05T09:53:30+00:00","og_image":[{"width":900,"height":900,"url":"https:\/\/hfa.vn\/wp-content\/uploads\/2024\/03\/Ca-Vien-Chien-Thuong-Hang-AA.png","type":"image\/png"}],"twitter_card":"summary_large_image","twitter_misc":{"\u01af\u1edbc t\u00ednh th\u1eddi gian \u0111\u1ecdc":"3 ph\u00fat"},"schema":{"@context":"https:\/\/schema.org","@graph":[{"@type":"WebPage","@id":"https:\/\/hfa.vn\/product\/ca-vien-chien-thuong-hang-aa-hop-300gr\/","url":"https:\/\/hfa.vn\/product\/ca-vien-chien-thuong-hang-aa-hop-300gr\/","name":"C\u00e1 Vi\u00ean Chi\u00ean Th\u01b0\u1ee3ng H\u1ea1ng AA - H\u1ed9p 300gr - Healthy food AA","isPartOf":{"@id":"https:\/\/hfa.vn\/#website"},"primaryImageOfPage":{"@id":"https:\/\/hfa.vn\/product\/ca-vien-chien-thuong-hang-aa-hop-300gr\/#primaryimage"},"image":{"@id":"https:\/\/hfa.vn\/product\/ca-vien-chien-thuong-hang-aa-hop-300gr\/#primaryimage"},"thumbnailUrl":"https:\/\/hfa.vn\/wp-content\/uploads\/2024\/03\/Ca-Vien-Chien-Thuong-Hang-AA.png","datePublished":"2024-03-23T07:19:44+00:00","dateModified":"2024-04-05T09:53:30+00:00","description":"Kh\u00f4ng gi\u1ed1ng v\u1edbi b\u1ea5t k\u00ec lo\u1ea1i s\u1ea3n ph\u1ea9m n\u00e0o \u0111ang c\u00f3 tr\u00ean th\u1ecb tr\u01b0\u1eddng. M\u1ed7i vi\u00ean c\u00e1 l\u00e0 s\u1ef1 ho\u00e0 tr\u1ecdn h\u00e0i ho\u00e0 c\u1ee7a th\u1ecbt c\u00e1 ngon c\u00f9ng c\u00e1c lo\u1ea1i gia v\u1ecb kh\u00e1c nhau, k\u1ebft h\u1ee3p v\u1edbi m\u1ed9t l\u1edbp b\u1ed9t chi\u00ean s\u00f9 gi\u00f2n r\u1ee5m b\u00ean ngo\u00e0i.","breadcrumb":{"@id":"https:\/\/hfa.vn\/product\/ca-vien-chien-thuong-hang-aa-hop-300gr\/#breadcrumb"},"inLanguage":"vi","potentialAction":[{"@type":"ReadAction","target":["https:\/\/hfa.vn\/product\/ca-vien-chien-thuong-hang-aa-hop-300gr\/"]}]},{"@type":"ImageObject","inLanguage":"vi","@id":"https:\/\/hfa.vn\/product\/ca-vien-chien-thuong-hang-aa-hop-300gr\/#primaryimage","url":"https:\/\/hfa.vn\/wp-content\/uploads\/2024\/03\/Ca-Vien-Chien-Thuong-Hang-AA.png","contentUrl":"https:\/\/hfa.vn\/wp-content\/uploads\/2024\/03\/Ca-Vien-Chien-Thuong-Hang-AA.png","width":900,"height":900},{"@type":"BreadcrumbList","@id":"https:\/\/hfa.vn\/product\/ca-vien-chien-thuong-hang-aa-hop-300gr\/#breadcrumb","itemListElement":[{"@type":"ListItem","position":1,"name":"Trang ch\u1ee7","item":"https:\/\/hfa.vn\/"},{"@type":"ListItem","position":2,"name":"Shop","item":"https:\/\/hfa.vn\/?page_id=63"},{"@type":"ListItem","position":3,"name":"C\u00e1 Vi\u00ean Chi\u00ean Th\u01b0\u1ee3ng H\u1ea1ng AA &#8211; H\u1ed9p 300gr"}]},{"@type":"WebSite","@id":"https:\/\/hfa.vn\/#website","url":"https:\/\/hfa.vn\/","name":"Healthy food AA","description":"S\u1ee9c kh\u1ecfe kh\u00e1ch h\u00e0ng, S\u1ee9 m\u1ec7nh doanh nghi\u1ec7p; Healthy food AA n\u00e2ng t\u1ea7m s\u1ee9c kh\u1ecfe Vi\u1ec7t","potentialAction":[{"@type":"SearchAction","target":{"@type":"EntryPoint","urlTemplate":"https:\/\/hfa.vn\/?s={search_term_string}"},"query-input":{"@type":"PropertyValueSpecification","valueRequired":true,"valueName":"search_term_string"}}],"inLanguage":"vi"}]}},"_links":{"self":[{"href":"https:\/\/hfa.vn\/index.php?rest_route=\/wp\/v2\/product\/8550","targetHints":{"allow":["GET"]}}],"collection":[{"href":"https:\/\/hfa.vn\/index.php?rest_route=\/wp\/v2\/product"}],"about":[{"href":"https:\/\/hfa.vn\/index.php?rest_route=\/wp\/v2\/types\/product"}],"replies":[{"embeddable":true,"href":"https:\/\/hfa.vn\/index.php?rest_route=%2Fwp%2Fv2%2Fcomments&post=8550"}],"wp:featuredmedia":[{"embeddable":true,"href":"https:\/\/hfa.vn\/index.php?rest_route=\/wp\/v2\/media\/8629"}],"wp:attachment":[{"href":"https:\/\/hfa.vn\/index.php?rest_route=%2Fwp%2Fv2%2Fmedia&parent=8550"}],"wp:term":[{"taxonomy":"product_brand","embeddable":true,"href":"https:\/\/hfa.vn\/index.php?rest_route=%2Fwp%2Fv2%2Fproduct_brand&post=8550"},{"taxonomy":"product_cat","embeddable":true,"href":"https:\/\/hfa.vn\/index.php?rest_route=%2Fwp%2Fv2%2Fproduct_cat&post=8550"},{"taxonomy":"product_tag","embeddable":true,"href":"https:\/\/hfa.vn\/index.php?rest_route=%2Fwp%2Fv2%2Fproduct_tag&post=8550"}],"curies":[{"name":"wp","href":"https:\/\/api.w.org\/{rel}","templated":true}]}}