
{"id":8593,"date":"2024-04-05T16:17:47","date_gmt":"2024-04-05T09:17:47","guid":{"rendered":"https:\/\/hfa.vn\/?post_type=product&#038;p=8593"},"modified":"2024-05-10T08:40:23","modified_gmt":"2024-05-10T01:40:23","slug":"ca-chep-than-uyen-nguyen-con-aa","status":"publish","type":"product","link":"https:\/\/hfa.vn\/?product=ca-chep-than-uyen-nguyen-con-aa","title":{"rendered":"C\u00e1 Ch\u00e9p Than Uy\u00ean Nguy\u00ean Con AA"},"content":{"rendered":"<h3><strong>Gi\u1edbi Thi\u1ec7u Chung V\u1ec1 S\u1ea3n Ph\u1ea9m<\/strong><\/h3>\n<ul>\n<li>T\u00ean S\u1ea3n Ph\u1ea9m: C\u00e1 Ch\u00e9p Than Uy\u00ean Nguy\u00ean Con AA<\/li>\n<li>Th\u01b0\u01a1ng Hi\u1ec7u: Healthy Food AA<\/li>\n<li>Ngu\u1ed3n G\u1ed1c: Khu nu\u00f4i tr\u1ed3ng c\u00e1 s\u1ea1ch H\u1ee3p T\u00e1c X\u00e3 Than Uy\u00ean<\/li>\n<li>Quy C\u00e1ch \u0110\u00f3ng G\u00f3i: 500g\/ Khay<\/li>\n<li>H\u1ea1n S\u1eed D\u1ee5ng: In tr\u00ean bao b\u00ec<\/li>\n<\/ul>\n<p>&nbsp;<\/p>\n<h3><strong>Th\u00f4ng Tin Chi Ti\u1ebft<\/strong><\/h3>\n<p>C\u00e1 Ch\u00e9p \u0111\u01b0\u1ee3c nu\u00f4i theo c\u00e1ch th\u1ee9c b\u00e1n t\u1ef1 nhi\u00ean, c\u00e1c l\u1ed3ng c\u00e1 \u0111\u01b0\u1ee3c \u0111\u1eb7t trong h\u1ed3 th\u1ee7y \u0111i\u1ec7n Hu\u1ed3i Qu\u1ea3ng \u2013 Than Uy\u00ean. N\u01a1i \u0111\u00e2y v\u1ed1n \u0111\u01b0\u1ee3c thi\u00ean nhi\u00ean \u01b0u \u00e1i d\u00e0nh t\u1eb7ng cho nh\u1eefng \u0111i\u1ec1u ki\u1ec7n t\u1ef1 nhi\u00ean h\u1ebft s\u1ee9c thu\u1eadn l\u1ee3i, \u0111\u00f3 l\u00e0 nh\u1eefng d\u00f2ng n\u01b0\u1edbc xanh m\u00e1t h\u00e0ng ng\u00e0y t\u1eeb th\u01b0\u1ee3ng ngu\u1ed3n \u0111\u1ed5 v\u1ec1, \u0111\u00f3 c\u0169ng l\u00e0 h\u1ec7 th\u1ef1c v\u1eadt ph\u00f9 d\u00f9 d\u1ed3i d\u00e0o, t\u1ea5t c\u1ea3 t\u1ea1o ra m\u1ed9t m\u00f4i tr\u01b0\u1eddng ph\u00f9 h\u1ee3p \u0111\u1ec3 c\u00e1 ch\u00e9p c\u00f3 th\u1ec3 ph\u00e1t tri\u1ec3n t\u1ed1t nh\u1ea5t.<\/p>\n<p>Ngu\u1ed3n th\u1ee9c \u0103n c\u1ee7a c\u00e1 ch\u00e9p Than Uy\u00ean \u0111\u01b0\u1ee3c t\u1eadn d\u1ee5ng t\u1eeb c\u00e1c s\u1ea3n ph\u1ea9m n\u00f4ng nghi\u1ec7p t\u1ea1i \u0111\u1ecba ph\u01b0\u01a1ng nh\u01b0 ng\u00f4, khoai, s\u1eafn\u2026 Gi\u00fap h\u1ea1n ch\u1ebf vi\u1ec7c l\u1ea1m d\u1ee5ng th\u1ee9c \u0103n c\u00f4ng nghi\u1ec7p, l\u00e0m cho c\u00e1 \u0111\u01b0\u1ee3c ph\u00e1t tri\u1ec3n nh\u01b0 trong m\u00f4i tr\u01b0\u1eddng t\u1ef1 nhi\u00ean, t\u1eeb \u0111\u00f3 th\u1ecbt c\u00e1 kh\u00f4ng b\u1ecb b\u1edf m\u1ec1m m\u00e0 thay v\u00e0o \u0111\u00f3 l\u00e0 \u0111\u1ed9 gi\u00f2n v\u00e0 th\u01a1m ngon.<\/p>\n<h3><strong>Cam K\u1ebft Ch\u1ea5t L\u01b0\u1ee3ng<\/strong><\/h3>\n<p>\u2705 Ngu\u1ed3n g\u1ed1c xu\u1ea5t x\u1ee9 r\u00f5 r\u00e0ng<\/p>\n<p>\u2705 \u0110\u1ea3m b\u1ea3o v\u1ec7 sinh ATTP<\/p>\n<p>\u2705 Kh\u00f4ng s\u1eed d\u1ee5ng ch\u1ea5t b\u1ea3o qu\u1ea3n, ch\u1ea5t c\u1ea5m<\/p>\n<p>\u2705 100% t\u1eeb c\u00e1 t\u01b0\u01a1i s\u1ea1ch t\u1ea1i Than Uy\u00ean<\/p>\n<p>\u2705 H\u1ed7 tr\u1ee3 ho\u00e0n ti\u1ec1n, \u0111\u1ed5i tr\u1ea3 n\u1ebfu s\u1ea3n ph\u1ea9m kh\u00f4ng nh\u01b0 cam k\u1ebft c\u1ee7a shop<\/p>\n<p>&nbsp;<\/p>\n<p>&#8212;&#8212;&#8212;&#8212;&#8212;&#8212;&#8212;&#8212;&#8212;&#8212;&#8212;&#8212;&#8212;&#8212;&#8212;&#8212;&#8212;&#8212;&#8212;&#8212;&#8212;&#8212;<\/p>\n<h3><strong>HEALTHY FOOD AA \u2013 C\u00e1 Ngon T\u1eeb D\u00f2ng N\u01b0\u1edbc Ng\u1ecdt<\/strong><\/h3>\n<p>\u0110\u1ecba ch\u1ec9: B\u1ea3n C\u1ee7ng, x\u00e3 Ta Gia huy\u1ec7n Than Uy\u00ean, t\u1ec9nh Lai Ch\u00e2u<\/p>\n<p>Chi nh\u00e1nh: 89 ph\u1ed1 D\u01b0\u01a1ng L\u00e2m, ph\u01b0\u1eddng V\u0103n Qu\u00e1n, qu\u1eadn H\u00e0 \u0110\u00f4ng, Tp. H\u00e0 N\u1ed9i<\/p>\n<p>Hotline: 088 9090 878<\/p>\n<p>Website: hfa.vn<\/p>\n<p>Fanpage: <a href=\"https:\/\/www.facebook.com\/htxthanuyen\">https:\/\/www.facebook.com\/htxthanuyen<\/a><\/p>\n","protected":false},"excerpt":{"rendered":"<p>C\u00e1 ch\u00e9p \u0111\u01b0\u1ee3c nu\u00f4i t\u1ea1i l\u00f2ng h\u1ed3 thu\u1ef7 \u0111i\u1ec7n Hu\u1ed5i Qu\u1ea3ng &#8211; Than Uy\u00ean, n\u01a1i \u0111\u00e2y c\u00f3 nh\u1eefng \u0111i\u1ec1u ki\u1ec7n r\u1ea5t thu\u1eadn l\u1ee3i gi\u00fap c\u00e1 ph\u00e1t tri\u1ec3n t\u1ed1t v\u00e0 \u0111\u1ea1t ch\u1ea5t l\u01b0\u1ee3ng cao<\/p>\n","protected":false},"featured_media":8624,"comment_status":"open","ping_status":"closed","template":"","meta":[],"product_brand":[],"product_cat":[15,77],"product_tag":[],"class_list":{"0":"post-8593","1":"product","2":"type-product","3":"status-publish","4":"has-post-thumbnail","6":"product_cat-ca-qua-so-che","7":"product_cat-san-pham","9":"first","10":"instock","11":"shipping-taxable","12":"purchasable","13":"product-type-simple"},"yoast_head":"<!-- This site is optimized with the Yoast SEO plugin v26.5 - https:\/\/yoast.com\/wordpress\/plugins\/seo\/ -->\n<title>C\u00e1 Ch\u00e9p Than Uy\u00ean Nguy\u00ean Con AA - Healthy food AA<\/title>\n<meta name=\"description\" content=\"C\u00e1 ch\u00e9p \u0111\u01b0\u1ee3c nu\u00f4i t\u1ea1i l\u00f2ng h\u1ed3 thu\u1ef7 \u0111i\u1ec7n Hu\u1ed5i Qu\u1ea3ng - Than Uy\u00ean, n\u01a1i \u0111\u00e2y c\u00f3 nh\u1eefng \u0111i\u1ec1u ki\u1ec7n r\u1ea5t thu\u1eadn l\u1ee3i gi\u00fap c\u00e1 ph\u00e1t tri\u1ec3n t\u1ed1t v\u00e0 \u0111\u1ea1t ch\u1ea5t l\u01b0\u1ee3ng cao\" \/>\n<meta name=\"robots\" content=\"index, follow, max-snippet:-1, max-image-preview:large, max-video-preview:-1\" \/>\n<link rel=\"canonical\" href=\"https:\/\/hfa.vn\/product\/ca-chep-than-uyen-nguyen-con-aa\/\" \/>\n<meta property=\"og:locale\" content=\"vi_VN\" \/>\n<meta property=\"og:type\" content=\"article\" \/>\n<meta property=\"og:title\" content=\"C\u00e1 Ch\u00e9p Than Uy\u00ean Nguy\u00ean Con AA - Healthy food AA\" \/>\n<meta property=\"og:description\" content=\"C\u00e1 ch\u00e9p \u0111\u01b0\u1ee3c nu\u00f4i t\u1ea1i l\u00f2ng h\u1ed3 thu\u1ef7 \u0111i\u1ec7n Hu\u1ed5i Qu\u1ea3ng - Than Uy\u00ean, n\u01a1i \u0111\u00e2y c\u00f3 nh\u1eefng \u0111i\u1ec1u ki\u1ec7n r\u1ea5t thu\u1eadn l\u1ee3i gi\u00fap c\u00e1 ph\u00e1t tri\u1ec3n t\u1ed1t v\u00e0 \u0111\u1ea1t ch\u1ea5t l\u01b0\u1ee3ng cao\" \/>\n<meta property=\"og:url\" content=\"https:\/\/hfa.vn\/product\/ca-chep-than-uyen-nguyen-con-aa\/\" \/>\n<meta property=\"og:site_name\" content=\"Healthy food AA\" \/>\n<meta property=\"article:modified_time\" content=\"2024-05-10T01:40:23+00:00\" \/>\n<meta property=\"og:image\" content=\"https:\/\/hfa.vn\/wp-content\/uploads\/2024\/03\/1-10.png\" \/>\n\t<meta property=\"og:image:width\" content=\"900\" \/>\n\t<meta property=\"og:image:height\" content=\"900\" \/>\n\t<meta property=\"og:image:type\" content=\"image\/png\" \/>\n<meta name=\"twitter:card\" content=\"summary_large_image\" \/>\n<meta name=\"twitter:label1\" content=\"\u01af\u1edbc t\u00ednh th\u1eddi gian \u0111\u1ecdc\" \/>\n\t<meta name=\"twitter:data1\" content=\"2 ph\u00fat\" \/>\n<script type=\"application\/ld+json\" class=\"yoast-schema-graph\">{\"@context\":\"https:\/\/schema.org\",\"@graph\":[{\"@type\":\"WebPage\",\"@id\":\"https:\/\/hfa.vn\/product\/ca-chep-than-uyen-nguyen-con-aa\/\",\"url\":\"https:\/\/hfa.vn\/product\/ca-chep-than-uyen-nguyen-con-aa\/\",\"name\":\"C\u00e1 Ch\u00e9p Than Uy\u00ean Nguy\u00ean Con AA - Healthy food AA\",\"isPartOf\":{\"@id\":\"https:\/\/hfa.vn\/#website\"},\"primaryImageOfPage\":{\"@id\":\"https:\/\/hfa.vn\/product\/ca-chep-than-uyen-nguyen-con-aa\/#primaryimage\"},\"image\":{\"@id\":\"https:\/\/hfa.vn\/product\/ca-chep-than-uyen-nguyen-con-aa\/#primaryimage\"},\"thumbnailUrl\":\"https:\/\/hfa.vn\/wp-content\/uploads\/2024\/03\/1-10.png\",\"datePublished\":\"2024-04-05T09:17:47+00:00\",\"dateModified\":\"2024-05-10T01:40:23+00:00\",\"description\":\"C\u00e1 ch\u00e9p \u0111\u01b0\u1ee3c nu\u00f4i t\u1ea1i l\u00f2ng h\u1ed3 thu\u1ef7 \u0111i\u1ec7n Hu\u1ed5i Qu\u1ea3ng - Than Uy\u00ean, n\u01a1i \u0111\u00e2y c\u00f3 nh\u1eefng \u0111i\u1ec1u ki\u1ec7n r\u1ea5t thu\u1eadn l\u1ee3i gi\u00fap c\u00e1 ph\u00e1t tri\u1ec3n t\u1ed1t v\u00e0 \u0111\u1ea1t ch\u1ea5t l\u01b0\u1ee3ng cao\",\"breadcrumb\":{\"@id\":\"https:\/\/hfa.vn\/product\/ca-chep-than-uyen-nguyen-con-aa\/#breadcrumb\"},\"inLanguage\":\"vi\",\"potentialAction\":[{\"@type\":\"ReadAction\",\"target\":[\"https:\/\/hfa.vn\/product\/ca-chep-than-uyen-nguyen-con-aa\/\"]}]},{\"@type\":\"ImageObject\",\"inLanguage\":\"vi\",\"@id\":\"https:\/\/hfa.vn\/product\/ca-chep-than-uyen-nguyen-con-aa\/#primaryimage\",\"url\":\"https:\/\/hfa.vn\/wp-content\/uploads\/2024\/03\/1-10.png\",\"contentUrl\":\"https:\/\/hfa.vn\/wp-content\/uploads\/2024\/03\/1-10.png\",\"width\":900,\"height\":900},{\"@type\":\"BreadcrumbList\",\"@id\":\"https:\/\/hfa.vn\/product\/ca-chep-than-uyen-nguyen-con-aa\/#breadcrumb\",\"itemListElement\":[{\"@type\":\"ListItem\",\"position\":1,\"name\":\"Trang ch\u1ee7\",\"item\":\"https:\/\/hfa.vn\/\"},{\"@type\":\"ListItem\",\"position\":2,\"name\":\"Shop\",\"item\":\"https:\/\/hfa.vn\/?page_id=63\"},{\"@type\":\"ListItem\",\"position\":3,\"name\":\"C\u00e1 Ch\u00e9p Than Uy\u00ean Nguy\u00ean Con AA\"}]},{\"@type\":\"WebSite\",\"@id\":\"https:\/\/hfa.vn\/#website\",\"url\":\"https:\/\/hfa.vn\/\",\"name\":\"Healthy food AA\",\"description\":\"S\u1ee9c kh\u1ecfe kh\u00e1ch h\u00e0ng, S\u1ee9 m\u1ec7nh doanh nghi\u1ec7p; Healthy food AA n\u00e2ng t\u1ea7m s\u1ee9c kh\u1ecfe Vi\u1ec7t\",\"potentialAction\":[{\"@type\":\"SearchAction\",\"target\":{\"@type\":\"EntryPoint\",\"urlTemplate\":\"https:\/\/hfa.vn\/?s={search_term_string}\"},\"query-input\":{\"@type\":\"PropertyValueSpecification\",\"valueRequired\":true,\"valueName\":\"search_term_string\"}}],\"inLanguage\":\"vi\"}]}<\/script>\n<!-- \/ Yoast SEO plugin. -->","yoast_head_json":{"title":"C\u00e1 Ch\u00e9p Than Uy\u00ean Nguy\u00ean Con AA - Healthy food AA","description":"C\u00e1 ch\u00e9p \u0111\u01b0\u1ee3c nu\u00f4i t\u1ea1i l\u00f2ng h\u1ed3 thu\u1ef7 \u0111i\u1ec7n Hu\u1ed5i Qu\u1ea3ng - Than Uy\u00ean, n\u01a1i \u0111\u00e2y c\u00f3 nh\u1eefng \u0111i\u1ec1u ki\u1ec7n r\u1ea5t thu\u1eadn l\u1ee3i gi\u00fap c\u00e1 ph\u00e1t tri\u1ec3n t\u1ed1t v\u00e0 \u0111\u1ea1t ch\u1ea5t l\u01b0\u1ee3ng cao","robots":{"index":"index","follow":"follow","max-snippet":"max-snippet:-1","max-image-preview":"max-image-preview:large","max-video-preview":"max-video-preview:-1"},"canonical":"https:\/\/hfa.vn\/product\/ca-chep-than-uyen-nguyen-con-aa\/","og_locale":"vi_VN","og_type":"article","og_title":"C\u00e1 Ch\u00e9p Than Uy\u00ean Nguy\u00ean Con AA - Healthy food AA","og_description":"C\u00e1 ch\u00e9p \u0111\u01b0\u1ee3c nu\u00f4i t\u1ea1i l\u00f2ng h\u1ed3 thu\u1ef7 \u0111i\u1ec7n Hu\u1ed5i Qu\u1ea3ng - Than Uy\u00ean, n\u01a1i \u0111\u00e2y c\u00f3 nh\u1eefng \u0111i\u1ec1u ki\u1ec7n r\u1ea5t thu\u1eadn l\u1ee3i gi\u00fap c\u00e1 ph\u00e1t tri\u1ec3n t\u1ed1t v\u00e0 \u0111\u1ea1t ch\u1ea5t l\u01b0\u1ee3ng cao","og_url":"https:\/\/hfa.vn\/product\/ca-chep-than-uyen-nguyen-con-aa\/","og_site_name":"Healthy food AA","article_modified_time":"2024-05-10T01:40:23+00:00","og_image":[{"width":900,"height":900,"url":"https:\/\/hfa.vn\/wp-content\/uploads\/2024\/03\/1-10.png","type":"image\/png"}],"twitter_card":"summary_large_image","twitter_misc":{"\u01af\u1edbc t\u00ednh th\u1eddi gian \u0111\u1ecdc":"2 ph\u00fat"},"schema":{"@context":"https:\/\/schema.org","@graph":[{"@type":"WebPage","@id":"https:\/\/hfa.vn\/product\/ca-chep-than-uyen-nguyen-con-aa\/","url":"https:\/\/hfa.vn\/product\/ca-chep-than-uyen-nguyen-con-aa\/","name":"C\u00e1 Ch\u00e9p Than Uy\u00ean Nguy\u00ean Con AA - Healthy food AA","isPartOf":{"@id":"https:\/\/hfa.vn\/#website"},"primaryImageOfPage":{"@id":"https:\/\/hfa.vn\/product\/ca-chep-than-uyen-nguyen-con-aa\/#primaryimage"},"image":{"@id":"https:\/\/hfa.vn\/product\/ca-chep-than-uyen-nguyen-con-aa\/#primaryimage"},"thumbnailUrl":"https:\/\/hfa.vn\/wp-content\/uploads\/2024\/03\/1-10.png","datePublished":"2024-04-05T09:17:47+00:00","dateModified":"2024-05-10T01:40:23+00:00","description":"C\u00e1 ch\u00e9p \u0111\u01b0\u1ee3c nu\u00f4i t\u1ea1i l\u00f2ng h\u1ed3 thu\u1ef7 \u0111i\u1ec7n Hu\u1ed5i Qu\u1ea3ng - Than Uy\u00ean, n\u01a1i \u0111\u00e2y c\u00f3 nh\u1eefng \u0111i\u1ec1u ki\u1ec7n r\u1ea5t thu\u1eadn l\u1ee3i gi\u00fap c\u00e1 ph\u00e1t tri\u1ec3n t\u1ed1t v\u00e0 \u0111\u1ea1t ch\u1ea5t l\u01b0\u1ee3ng cao","breadcrumb":{"@id":"https:\/\/hfa.vn\/product\/ca-chep-than-uyen-nguyen-con-aa\/#breadcrumb"},"inLanguage":"vi","potentialAction":[{"@type":"ReadAction","target":["https:\/\/hfa.vn\/product\/ca-chep-than-uyen-nguyen-con-aa\/"]}]},{"@type":"ImageObject","inLanguage":"vi","@id":"https:\/\/hfa.vn\/product\/ca-chep-than-uyen-nguyen-con-aa\/#primaryimage","url":"https:\/\/hfa.vn\/wp-content\/uploads\/2024\/03\/1-10.png","contentUrl":"https:\/\/hfa.vn\/wp-content\/uploads\/2024\/03\/1-10.png","width":900,"height":900},{"@type":"BreadcrumbList","@id":"https:\/\/hfa.vn\/product\/ca-chep-than-uyen-nguyen-con-aa\/#breadcrumb","itemListElement":[{"@type":"ListItem","position":1,"name":"Trang ch\u1ee7","item":"https:\/\/hfa.vn\/"},{"@type":"ListItem","position":2,"name":"Shop","item":"https:\/\/hfa.vn\/?page_id=63"},{"@type":"ListItem","position":3,"name":"C\u00e1 Ch\u00e9p Than Uy\u00ean Nguy\u00ean Con AA"}]},{"@type":"WebSite","@id":"https:\/\/hfa.vn\/#website","url":"https:\/\/hfa.vn\/","name":"Healthy food AA","description":"S\u1ee9c kh\u1ecfe kh\u00e1ch h\u00e0ng, S\u1ee9 m\u1ec7nh doanh nghi\u1ec7p; Healthy food AA n\u00e2ng t\u1ea7m s\u1ee9c kh\u1ecfe Vi\u1ec7t","potentialAction":[{"@type":"SearchAction","target":{"@type":"EntryPoint","urlTemplate":"https:\/\/hfa.vn\/?s={search_term_string}"},"query-input":{"@type":"PropertyValueSpecification","valueRequired":true,"valueName":"search_term_string"}}],"inLanguage":"vi"}]}},"_links":{"self":[{"href":"https:\/\/hfa.vn\/index.php?rest_route=\/wp\/v2\/product\/8593","targetHints":{"allow":["GET"]}}],"collection":[{"href":"https:\/\/hfa.vn\/index.php?rest_route=\/wp\/v2\/product"}],"about":[{"href":"https:\/\/hfa.vn\/index.php?rest_route=\/wp\/v2\/types\/product"}],"replies":[{"embeddable":true,"href":"https:\/\/hfa.vn\/index.php?rest_route=%2Fwp%2Fv2%2Fcomments&post=8593"}],"wp:featuredmedia":[{"embeddable":true,"href":"https:\/\/hfa.vn\/index.php?rest_route=\/wp\/v2\/media\/8624"}],"wp:attachment":[{"href":"https:\/\/hfa.vn\/index.php?rest_route=%2Fwp%2Fv2%2Fmedia&parent=8593"}],"wp:term":[{"taxonomy":"product_brand","embeddable":true,"href":"https:\/\/hfa.vn\/index.php?rest_route=%2Fwp%2Fv2%2Fproduct_brand&post=8593"},{"taxonomy":"product_cat","embeddable":true,"href":"https:\/\/hfa.vn\/index.php?rest_route=%2Fwp%2Fv2%2Fproduct_cat&post=8593"},{"taxonomy":"product_tag","embeddable":true,"href":"https:\/\/hfa.vn\/index.php?rest_route=%2Fwp%2Fv2%2Fproduct_tag&post=8593"}],"curies":[{"name":"wp","href":"https:\/\/api.w.org\/{rel}","templated":true}]}}